{"id":4278,"date":"2019-10-15T15:37:03","date_gmt":"2019-10-15T14:37:03","guid":{"rendered":"https:\/\/reparatur24.berlin\/?page_id=4278"},"modified":"2026-04-06T04:28:47","modified_gmt":"2026-04-06T03:28:47","slug":"macbook-reparatur-berlin","status":"publish","type":"page","link":"https:\/\/reparatur24.berlin\/staging\/macbook-reparatur-berlin\/","title":{"rendered":"MacBook Reparatur Berlin"},"content":{"rendered":"<p>[vc_row][vc_column width=&#8220;2\/3&#8243;][vc_column_text]<\/p>\n<h2>MacBook Reparatur Gallas \u2013 ist Ihre erste Wahl, wenn:<\/h2>\n<p>&nbsp;<\/p>\n<ul>\n<li>Ihr MacBook defekt ist oder ein Upgrade braucht<\/li>\n<li>Sie gel\u00f6schte Fakten wiederherstellen wollen<\/li>\n<li>die Software Ihres MacBooks Ihnen Misshelligkeiten bereitet<\/li>\n<li>das Betriebssystem nicht mehr intakt funktioniert<\/li>\n<li>Sie Ihr Ger\u00e4t aufr\u00fcsten wollen<\/li>\n<li>ein neumodisches MacBook gebraucht wird<\/li>\n<li>Sie Ihren alten MacBook verkaufen \/ tauschen wollen<\/li>\n<\/ul>\n<p>&nbsp;<\/p>\n<p>Wir vergewissern f\u00fcr den Fall, dass die Ladefunktion Ihres MacBooks keine Konflikte mehr bereitet, der gebrochene Bildschirm in neuem Glanz erstrahlt, Ihr Betriebssystem ideal l\u00e4uft, der Wasserschaden in Vergessenheit ger\u00e4t und dazu, dass der Akku erneut h\u00e4lt, was er gew\u00e4hrleistet.<\/p>\n<h3>Reparaturannahme:<br \/>\nTel:<a href=\"tel:030\/587407550\"> 030 \/ 58 74 07 55 0<\/a> | <a href=\"mailto:info@reparatur24.berlin\">info@reparatur24.berlin<\/a><\/h3>\n<p>[\/vc_column_text][vc_single_image image=&#8220;4445&#8243; alignment=&#8220;center&#8220;][thememove_button text=&#8220;Hardware&#8220; link=&#8220;url:https%3A%2F%2Freparatur24.berlin%2Fstaging%2Fhardware%2F|title:Hardware||&#8220;][vc_separator][thememove_button text=&#8220;Software&#8220; link=&#8220;url:https%3A%2F%2Freparatur24.berlin%2Fstaging%2Fsoftware-reparatur%2F|title:Software%20Reparatur||&#8220;][vc_separator][vc_column_text]<\/p>\n<h3>Wir bieten Notebook Reparaturen und Laptop Reparatur-Service unter anderem:<\/h3>\n<ul>\n<li><span style=\"font-family: Arial, sans-serif\"><span style=\"font-size: large\"><span style=\"font-size: medium\">Display-Reparaturen und Bildschirmtausch<\/span><\/span><\/span><\/li>\n<li><span style=\"font-family: Arial, sans-serif\"><span style=\"font-size: large\"><span style=\"font-size: medium\">Notebook und MacBook Reparatur bei Totalausfall\u00a0<\/span><\/span><\/span><\/li>\n<li><span style=\"font-family: Arial, sans-serif\"><span style=\"font-size: large\"><span style=\"font-size: medium\">Akku und Ladest\u00f6rung\u00a0<\/span><\/span><\/span><\/li>\n<li><span style=\"font-family: Arial, sans-serif\"><span style=\"font-size: large\"><span style=\"font-size: medium\">Wasserschaden und Fl\u00fcssigkeitssch\u00e4den<\/span><\/span><\/span><\/li>\n<li><span style=\"font-family: Arial, sans-serif\"><span style=\"font-size: large\"><span style=\"font-size: medium\">Notebook-Reinigung\u00a0<\/span><\/span><\/span><\/li>\n<li><span style=\"font-family: Arial, sans-serif\"><span style=\"font-size: large\"><span style=\"font-size: medium\">Mainboard-Reparatur<\/span><\/span><\/span><\/li>\n<li><span style=\"font-family: Arial, sans-serif\"><span style=\"font-size: large\"><span style=\"font-size: medium\">Reparatur bei \u00dcberhitzung Ihres Ger\u00e4tes<\/span><\/span><\/span><\/li>\n<li><span style=\"font-family: Arial, sans-serif\"><span style=\"font-size: large\"><span style=\"font-size: medium\">Grafikkarten Reparatur<\/span><\/span><\/span><\/li>\n<li><span style=\"font-family: Arial, sans-serif\"><span style=\"font-size: large\"><span style=\"font-size: medium\">Notebook Tastatur-Wechsel<\/span><\/span><\/span><\/li>\n<li><span style=\"font-family: Arial, sans-serif\"><span style=\"font-size: large\"><span style=\"font-size: medium\">Laptop Softwareprobleme\u00a0<\/span><\/span><\/span><\/li>\n<li><span style=\"font-family: Arial, sans-serif\"><span style=\"font-size: large\"><span style=\"font-size: medium\">und viele \u00fcbrige Serviceleistungen auf Nachfrage<\/span><\/span><\/span><\/li>\n<\/ul>\n<p><span style=\"font-family: Arial, sans-serif\"><span style=\"font-size: large\">\u00a0 \u00a0 dabei gilt:\u00a0<\/span><\/span><\/p>\n<ul>\n<li><span style=\"font-family: Arial, sans-serif\"><span style=\"font-size: large\"><span style=\"font-size: medium\">Ein Kostenvoranschlag f\u00fcr Reparaturen<\/span><\/span><\/span><\/li>\n<li><span style=\"font-family: Arial, sans-serif\"><span style=\"font-size: large\"><span style=\"font-size: medium\">Bundesweite Abholung<\/span><\/span><\/span><\/li>\n<\/ul>\n<p>&nbsp;<\/p>\n<p>Hier finden Sie noch mehr zu den MacBooks ![\/vc_column_text][thememove_button text=&#8220;MacBook Reparaturen&#8220; link=&#8220;url:http%3A%2F%2Fcomputer-reparaturen.berlin%2Fmacbook-reparatur-berlin%2F|||&#8220;][\/vc_column][vc_column width=&#8220;1\/3&#8243; css=&#8220;.vc_custom_1570535497631{background-position: center !important;background-repeat: no-repeat !important;background-size: cover !important;}&#8220;][thememove_button text=&#8220;Tel.: 030 \/ 58 74 07 55 0&#8243; link=&#8220;url:tel%3A030%2F587407550|||&#8220;][vc_column_text]<\/p>\n<section>\n<h2 class=\"block-title\">Sie finden uns hier:<\/h2>\n<p>&nbsp;<\/p>\n<div class=\"textwidget\">\n<p><a href=\"https:\/\/reparatur24.berlin\/staging\/kaffeevollautomat-reparatur\/\"><b>Reparatur24.Berlin<\/b><\/a><br \/>\nBrandenburgische Stra\u00dfe 77<br \/>\n10713 Berlin<br \/>\nTelefon:030 \/ 58 7407 55 0<\/p>\n<p>&nbsp;<\/p>\n<p><b>Unsere \u00d6ffnungszeiten:<\/b><\/p>\n<p>Mo &#8211; Fr: 07:00 \u2013 20:00 Uhr<br \/>\nSa: 10:00 \u2013 14:00 Uhr<\/p>\n<p class=\"style009\"><a href=\"https:\/\/reparatur24.berlin\/staging\/impressum\/\">Impressum<\/a><\/p>\n<p>&nbsp;<\/p>\n<\/div>\n<\/section>\n<section>\n<h2 class=\"block-title\">Wir reparieren:<\/h2>\n<p>&nbsp;<\/p>\n<div class=\"textwidget\">\n<div class=\"ul\"><a href=\"https:\/\/reparatur24.berlin\/staging\/computer-reparatur-berlin\/\">Computer Reparatur<\/a><br \/>\n<a href=\"https:\/\/reparatur24.berlin\/staging\/notebook-reparatur-berlin\/\">Notebook Reparatur<\/a><br \/>\n<a href=\"https:\/\/reparatur24.berlin\/staging\/pc-reparatur-berlin\/\">PC Reparatur<\/a><br \/>\n<a href=\"https:\/\/reparatur24.berlin\/staging\/laptop-reparatur-berlin\/\">Lap Top Reparatur<\/a><br \/>\n<a href=\"https:\/\/reparatur24.berlin\/staging\/imac-reparatur-berlin\/\">IMAC Reparatur<\/a><br \/>\n<a href=\"https:\/\/reparatur24.berlin\/staging\/macbook-reparatur-berlin\/\">MacBook Reparatur<\/a><\/div>\n<\/div>\n<\/section>\n<div><\/div>\n<div><\/div>\n<section>\n<div class=\"textwidget\">\n<div><\/div>\n<div><\/div>\n<\/div>\n<\/section>\n<section>\n<h2 class=\"block-title\">MacBook Reparatur-Garantie:<\/h2>\n<p>&nbsp;<\/p>\n<div class=\"textwidget\">\n<p>Wir arbeiten gewissenhaft, kompetent und kosteng\u00fcnstig mit einer <strong>Garantie von 24 Monaten,\u00a0<\/strong>was unsere Kunden sehr zu sch\u00e4tzen wissen.<\/p>\n<p>&nbsp;<\/p>\n<\/div>\n<\/section>\n<section>\n<h2 class=\"block-title\">Unsere Leistungen:<\/h2>\n<p>&nbsp;<\/p>\n<div class=\"textwidget\">\n<ul>\n<li>24 Stunden Notdienst<\/li>\n<li>Reparaturen nach der Hersteller Garantiezeit<\/li>\n<li>unsere Reparaturgarantie von 24 Monaten<\/li>\n<li>Wartungsservice aller Art<\/li>\n<li>Fachberatung f\u00fcr Qualit\u00e4tsware<\/li>\n<li>Neukauf, wenn Reparatur unwirtschaftlich<\/li>\n<li>Entsorgung von Altger\u00e4ten<\/li>\n<li>Lieferung zu Ihnen nach Hause<\/li>\n<li>Anschluss &amp; Installation<\/li>\n<li>pers\u00f6nlicher Kundendienst<\/li>\n<\/ul>\n<p>&nbsp;<\/p>\n<\/div>\n<\/section>\n<section>\n<h2><\/h2>\n<h2 class=\"block-title\">Zentrale Berlin &amp; Umland<\/h2>\n<div class=\"textwidget\">\n<p class=\"style001\">Anfahrt &amp; Kostenvoranschlag 16 \u20ac<\/p>\n<\/div>\n<\/section>\n<p>[\/vc_column_text][thememove_button text=&#8220;JETZT ANRUFEN!&#8220; link=&#8220;url:tel%3A030%2F587407550|||&#8220;][\/vc_column][\/vc_row][vc_row css=&#8220;.vc_custom_1443177632481{margin-bottom: 70px !important;}&#8220;][vc_column width=&#8220;1\/3&#8243;][vc_row_inner css=&#8220;.vc_custom_1443496397223{margin-bottom: -10px !important;}&#8220;][vc_column_inner el_class=&#8220;hot-line&#8220;][vc_column_text]<img loading=\"lazy\" decoding=\"async\" class=\"alignnone\" src=\"https:\/\/renovation.thememove.com\/data\/images\/contact-hot-line.jpg\" alt=\"\" width=\"370\" height=\"250\" \/>[\/vc_column_text][vc_column_text]<\/p>\n<h4>24\/7 HOTLINE<\/h4>\n<h4 class=\"p1\"><strong><span class=\"s1\">030 \/ 58 74 07 55 0<\/span><\/strong><\/h4>\n<p>[\/vc_column_text][\/vc_column_inner][\/vc_row_inner][vc_column_text]Wir sind von Montag bis Samstag von 7 bis 22 Uhr f\u00fcr Sie da. Bitte senden Sie Ihre Anfrage \u00fcber das unten stehende Formular, oder rufen Sie uns einfach an! Nat\u00fcrlich k\u00f6nnen Sie uns auch in unserem Gesch\u00e4ft in der Brandenburgischen Stra\u00dfe 77, 10713 Berlin-Wilmersdorf besuchen.[\/vc_column_text][vc_row_inner css=&#8220;.vc_custom_1443177442599{margin-bottom: 20px !important;}&#8220; el_class=&#8220;call-us&#8220;][vc_column_inner width=&#8220;1\/6&#8243; offset=&#8220;vc_col-xs-2&#8243;][thememove_icon icon_fontawesome=&#8220;fa fa-phone&#8220; font_size=&#8220;18&#8243; font_color=&#8220;#111111&#8243;][\/vc_column_inner][vc_column_inner width=&#8220;5\/6&#8243; offset=&#8220;vc_col-xs-10&#8243;][vc_custom_heading text=&#8220;030 \/ 58 74 07 55 0&#8243; font_container=&#8220;tag:h2|font_size:20|text_align:left|color:%23111111&#8243; link=&#8220;url:tel%3A030%20%2F%2058%2074%2007%2055%200|||&#8220;][vc_custom_heading text=&#8220;info@reparatur24.berlin&#8220; font_container=&#8220;tag:p|font_size:14|text_align:left|color:%23111111&#8243;][\/vc_column_inner][\/vc_row_inner][vc_row_inner el_class=&#8220;call-us&#8220;][vc_column_inner width=&#8220;1\/6&#8243; offset=&#8220;vc_col-xs-2&#8243;][thememove_icon icon_fontawesome=&#8220;fa fa-home&#8220; font_size=&#8220;18&#8243; font_color=&#8220;#111111&#8243;][\/vc_column_inner][vc_column_inner width=&#8220;5\/6&#8243; offset=&#8220;vc_col-xs-10&#8243;][vc_custom_heading text=&#8220;Brandenburgische Stra\u00dfe 77<br \/>\n10713 Berlin&#8220; font_container=&#8220;tag:p|font_size:14|text_align:left|color:%23111111&#8243;][\/vc_column_inner][\/vc_row_inner][\/vc_column][vc_column width=&#8220;2\/3&#8243;][contact-form-7 id=&#8220;5&#8243;][\/vc_column][\/vc_row][vc_row full_width=&#8220;stretch_row&#8220; el_class=&#8220;be-a-piece-of-us middle&#8220; css=&#8220;.vc_custom_1439191711650{margin-bottom: 0px !important;padding-top: 65px !important;padding-bottom: 68px !important;background-color: #eeeeee !important;}&#8220;][vc_column width=&#8220;1\/12&#8243; el_class=&#8220;center&#8220;][thememove_icon icon_fontawesome=&#8220;fa fa-users&#8220; font_size=&#8220;26&#8243; font_color=&#8220;#111111&#8243;][\/vc_column][vc_column width=&#8220;2\/3&#8243; el_class=&#8220;center-xs start-sm&#8220;][vc_custom_heading text=&#8220;Bewirb Dich heute und starte morgen.&#8220; font_container=&#8220;tag:h2|font_size:32|text_align:left|color:%231d2736&#8243; link=&#8220;url:http%3A%2F%2Freparatur24.berlin%2Fhaushalt%2Fjob-karriere%2F|||&#8220;][vc_column_text]Wir freuen uns, Dich in unserm Team begr\u00fc\u00dfen zu d\u00fcrfen, Werde Teil des Teams![\/vc_column_text][\/vc_column][vc_column width=&#8220;1\/4&#8243; el_class=&#8220;center&#8220;][\/vc_column][\/vc_row][vc_row][vc_column][\/vc_column][\/vc_row]<\/p>\n","protected":false},"excerpt":{"rendered":"<p>[vc_row][vc_column width=&#8220;2\/3&#8243;][vc_column_text] MacBook Reparatur Gallas \u2013 ist Ihre erste Wahl, wenn: &nbsp; Ihr MacBook defekt ist oder ein Upgrade braucht Sie gel\u00f6schte Fakten wiederherstellen wollen die Software Ihres MacBooks Ihnen Misshelligkeiten bereitet das Betriebssystem nicht mehr intakt funktioniert Sie Ihr Ger\u00e4t aufr\u00fcsten wollen ein neumodisches MacBook gebraucht wird Sie Ihren alten MacBook verkaufen \/ tauschen [&hellip;]<\/p>\n","protected":false},"author":1,"featured_media":0,"parent":0,"menu_order":0,"comment_status":"closed","ping_status":"closed","template":"","meta":{"_uag_custom_page_level_css":"","site-sidebar-layout":"default","site-content-layout":"","ast-site-content-layout":"default","site-content-style":"default","site-sidebar-style":"default","ast-global-header-display":"","ast-banner-title-visibility":"","ast-main-header-display":"","ast-hfb-above-header-display":"","ast-hfb-below-header-display":"","ast-hfb-mobile-header-display":"","site-post-title":"","ast-breadcrumbs-content":"","ast-featured-img":"","footer-sml-layout":"","ast-disable-related-posts":"","theme-transparent-header-meta":"","adv-header-id-meta":"","stick-header-meta":"","header-above-stick-meta":"","header-main-stick-meta":"","header-below-stick-meta":"","astra-migrate-meta-layouts":"default","ast-page-background-enabled":"default","ast-page-background-meta":{"desktop":{"background-color":"","background-image":"","background-repeat":"repeat","background-position":"center center","background-size":"auto","background-attachment":"scroll","background-type":"","background-media":"","overlay-type":"","overlay-color":"","overlay-opacity":"","overlay-gradient":""},"tablet":{"background-color":"","background-image":"","background-repeat":"repeat","background-position":"center center","background-size":"auto","background-attachment":"scroll","background-type":"","background-media":"","overlay-type":"","overlay-color":"","overlay-opacity":"","overlay-gradient":""},"mobile":{"background-color":"","background-image":"","background-repeat":"repeat","background-position":"center center","background-size":"auto","background-attachment":"scroll","background-type":"","background-media":"","overlay-type":"","overlay-color":"","overlay-opacity":"","overlay-gradient":""}},"ast-content-background-meta":{"desktop":{"background-color":"var(--ast-global-color-5)","background-image":"","background-repeat":"repeat","background-position":"center center","background-size":"auto","background-attachment":"scroll","background-type":"","background-media":"","overlay-type":"","overlay-color":"","overlay-opacity":"","overlay-gradient":""},"tablet":{"background-color":"var(--ast-global-color-5)","background-image":"","background-repeat":"repeat","background-position":"center center","background-size":"auto","background-attachment":"scroll","background-type":"","background-media":"","overlay-type":"","overlay-color":"","overlay-opacity":"","overlay-gradient":""},"mobile":{"background-color":"var(--ast-global-color-5)","background-image":"","background-repeat":"repeat","background-position":"center center","background-size":"auto","background-attachment":"scroll","background-type":"","background-media":"","overlay-type":"","overlay-color":"","overlay-opacity":"","overlay-gradient":""}},"footnotes":""},"class_list":["post-4278","page","type-page","status-publish","hentry"],"uagb_featured_image_src":{"full":false,"thumbnail":false,"medium":false,"medium_large":false,"large":false,"1536x1536":false,"2048x2048":false},"uagb_author_info":{"display_name":"samir","author_link":"https:\/\/reparatur24.berlin\/staging\/author\/samir\/"},"uagb_comment_info":0,"uagb_excerpt":"[vc_row][vc_column width=&#8220;2\/3&#8243;][vc_column_text] MacBook Reparatur Gallas \u2013 ist Ihre erste Wahl, wenn: &nbsp; Ihr MacBook defekt ist oder ein Upgrade braucht Sie gel\u00f6schte Fakten wiederherstellen wollen die Software Ihres MacBooks Ihnen Misshelligkeiten bereitet das Betriebssystem nicht mehr intakt funktioniert Sie Ihr Ger\u00e4t aufr\u00fcsten wollen ein neumodisches MacBook gebraucht wird Sie Ihren alten MacBook verkaufen \/ tauschen&hellip;","_links":{"self":[{"href":"https:\/\/reparatur24.berlin\/staging\/wp-json\/wp\/v2\/pages\/4278","targetHints":{"allow":["GET"]}}],"collection":[{"href":"https:\/\/reparatur24.berlin\/staging\/wp-json\/wp\/v2\/pages"}],"about":[{"href":"https:\/\/reparatur24.berlin\/staging\/wp-json\/wp\/v2\/types\/page"}],"author":[{"embeddable":true,"href":"https:\/\/reparatur24.berlin\/staging\/wp-json\/wp\/v2\/users\/1"}],"replies":[{"embeddable":true,"href":"https:\/\/reparatur24.berlin\/staging\/wp-json\/wp\/v2\/comments?post=4278"}],"version-history":[{"count":0,"href":"https:\/\/reparatur24.berlin\/staging\/wp-json\/wp\/v2\/pages\/4278\/revisions"}],"wp:attachment":[{"href":"https:\/\/reparatur24.berlin\/staging\/wp-json\/wp\/v2\/media?parent=4278"}],"curies":[{"name":"wp","href":"https:\/\/api.w.org\/{rel}","templated":true}]}}