{"id":4263,"date":"2019-10-15T15:28:31","date_gmt":"2019-10-15T14:28:31","guid":{"rendered":"https:\/\/reparatur24.berlin\/?page_id=4263"},"modified":"2026-04-16T19:38:53","modified_gmt":"2026-04-16T18:38:53","slug":"elektroherd-fehlermeldung","status":"publish","type":"page","link":"https:\/\/reparatur24.berlin\/staging\/elektroherd-fehlermeldung\/","title":{"rendered":"Elektroherd \u2013 Fehlermeldung"},"content":{"rendered":"<p>[vc_row][vc_column][vc_column_text]Mithilfe unserer EG Gallas Company geh\u00f6ren Defekte an Ihren Haushaltsger\u00e4ten bald der Vergangenheit an. Wir verf\u00fcgen n\u00e4mlich \u00fcber ein handwerklich geschicktes Serviceteam, das fachgerechte Reparaturen an allen Ger\u00e4ten wie zum Beispiel W\u00e4schetrockner, Waschmaschinen, Geschirrsp\u00fcler, Elektroherde, Induktionsherde oder Mikrowellen gew\u00e4hrleistet. Neben einem professionellen Miele Kundendienst in Berlin erstreckt sich unser Service auch auf andere Handelsmarken.<\/p>\n<p>Falls es zum Beispiel an Ihrem Trockner zu einer Fehlermeldung kommt, steht unser Kundendienst Reparatur Berlin unverz\u00fcglich zur Verf\u00fcgung. Zu Ihrer vollen Kostenkontrolle erhalten Sie nach der Problemdiagnose zun\u00e4chst einen zuverl\u00e4ssigen Kostenvoranschlag. Anschlie\u00dfend erfolgen die fachm\u00e4nnischen Reparaturen entweder direkt bei Ihnen vor Ort oder in anspruchsvollen F\u00e4llen auch in unserer Fachwerkstatt.[\/vc_column_text][\/vc_column][\/vc_row][vc_row][vc_column width=&#8220;1\/3&#8243;][vc_hoverbox image=&#8220;4471&#8243; primary_title=&#8220;AEG Fehlercodes&#8220; primary_align=&#8220;justify&#8220; primary_title_font_container=&#8220;font_size:Waschmaschinen%20Fehlercodes&#8220; hover_title=&#8220;AEG Fehlercodes&#8220; use_custom_fonts_primary_title=&#8220;true&#8220; use_custom_fonts_hover_title=&#8220;true&#8220; primary_title_link=&#8220;|||&#8220; hover_title_link=&#8220;url:https%3A%2F%2Freparatur24.berlin%2Fstaging%2Felektroherd-aeg-fehlercodes%2F|||&#8220;]Fehler Codes finden<\/p>\n<h3 class=\"LC20lb\"><a href=\"https:\/\/reparatur24.berlin\/staging\/elektroherd-aeg-fehlercodes\/\">Klicken Sie hier<\/a><\/h3>\n<p>[\/vc_hoverbox][\/vc_column][vc_column width=&#8220;1\/3&#8243;][vc_hoverbox image=&#8220;4512&#8243; primary_title=&#8220;&#8220; hover_title=&#8220;Miele Fehler Codes&#8220; use_custom_fonts_primary_title=&#8220;true&#8220;]Fehler Codes finden<\/p>\n<h3 class=\"LC20lb\"><a href=\"https:\/\/reparatur24.berlin\/staging\/elektroherd-miele-fehlercodes\/\">Klicken Sie hier<\/a><\/h3>\n<p>[\/vc_hoverbox][\/vc_column][vc_column width=&#8220;1\/3&#8243;][vc_hoverbox image=&#8220;4478&#8243; primary_title=&#8220;&#8220; hover_title=&#8220;Bauknecht Fehler Codes&#8220; use_custom_fonts_primary_title=&#8220;true&#8220;]Fehler Codes finden<\/p>\n<h3 class=\"LC20lb\"><a href=\"https:\/\/reparatur24.berlin\/staging\/elektroherd-bauknecht-fehlercodes\/\">Klicken Sie hier<\/a><\/h3>\n<p>[\/vc_hoverbox][\/vc_column][\/vc_row][vc_row][vc_column][vc_separator color=&#8220;custom&#8220; accent_color=&#8220;#eeee22&#8243;][\/vc_column][\/vc_row][vc_row][vc_column width=&#8220;1\/3&#8243;][vc_hoverbox image=&#8220;4510&#8243; primary_title=&#8220;&#8220; hover_title=&#8220;Siemens Fehler Codes&#8220;]Fehler Codes finden<\/p>\n<h3 class=\"LC20lb\"><a href=\"https:\/\/reparatur24.berlin\/staging\/elektroherd-siemens-fehlercodes\/\">Klicken Sie hier<\/a><\/h3>\n<p>[\/vc_hoverbox][\/vc_column][vc_column width=&#8220;1\/3&#8243;][vc_hoverbox image=&#8220;4489&#8243; primary_title=&#8220;&#8220; hover_title=&#8220;BOSCH Fehler Codes&#8220; use_custom_fonts_primary_title=&#8220;true&#8220;]Fehler Codes finden<\/p>\n<h3 class=\"LC20lb\"><a href=\"https:\/\/reparatur24.berlin\/staging\/elektroherd-bosch-fehlercodes\/\">Klicken Sie hier<\/a><\/h3>\n<p>[\/vc_hoverbox][\/vc_column][vc_column width=&#8220;1\/3&#8243;][vc_hoverbox image=&#8220;5023&#8243; primary_title=&#8220;&#8220; hover_title=&#8220;Electrolux Fehler Codes&#8220;]Fehler Codes finden<\/p>\n<h3 class=\"LC20lb\"><a href=\"https:\/\/reparatur24.berlin\/staging\/elektroherd-electrolux-fehlercodes\/\">Klicken Sie hier<\/a><\/h3>\n<p>[\/vc_hoverbox][\/vc_column][\/vc_row][vc_row][vc_column][vc_separator color=&#8220;custom&#8220; accent_color=&#8220;#eeee22&#8243;][\/vc_column][\/vc_row][vc_row][vc_column width=&#8220;1\/3&#8243;][vc_hoverbox image=&#8220;4522&#8243; primary_title=&#8220;&#8220; hover_title=&#8220;Zanussi Fehler Codes&#8220;]Fehler Codes finden<\/p>\n<h3 class=\"LC20lb\"><a href=\"https:\/\/reparatur24.berlin\/staging\/elektroherd-zanussi-fehlercodes\/\">Klicken Sie hier<\/a><\/h3>\n<p>[\/vc_hoverbox][\/vc_column][vc_column width=&#8220;1\/3&#8243;][vc_hoverbox image=&#8220;4689&#8243; primary_title=&#8220;&#8220; hover_title=&#8220;&#8220;]<\/p>\n<h2 class=\"vc_custom_heading align-center\">NEFF Fehlercodes<\/h2>\n<p>Fehler Codes finden<\/p>\n<h3 class=\"LC20lb\"><a href=\"https:\/\/reparatur24.berlin\/staging\/elektroherd-neff-fehlercodes\/\">Klicken Sie hier<\/a><\/h3>\n<p>[\/vc_hoverbox][\/vc_column][vc_column width=&#8220;1\/3&#8243;][vc_hoverbox image=&#8220;4474&#8243; primary_title=&#8220;&#8220; hover_title=&#8220;Amica Fehler Codes&#8220; use_custom_fonts_primary_title=&#8220;true&#8220;]Fehler Codes finden<\/p>\n<h3 class=\"LC20lb\"><a href=\"https:\/\/reparatur24.berlin\/staging\/elektroherd-amica-fehlercodes\/\">Klicken Sie hier<\/a><\/h3>\n<p>[\/vc_hoverbox][\/vc_column][\/vc_row][vc_row][vc_column][vc_separator color=&#8220;custom&#8220; accent_color=&#8220;#eeee22&#8243;][\/vc_column][\/vc_row][vc_row css=&#8220;.vc_custom_1443177632481{margin-bottom: 70px !important;}&#8220;][vc_column width=&#8220;1\/3&#8243;][vc_row_inner css=&#8220;.vc_custom_1443496397223{margin-bottom: -10px !important;}&#8220;][vc_column_inner el_class=&#8220;hot-line&#8220;][vc_column_text]<img loading=\"lazy\" decoding=\"async\" class=\"alignnone\" src=\"https:\/\/renovation.thememove.com\/data\/images\/contact-hot-line.jpg\" alt=\"\" width=\"370\" height=\"250\" \/>[\/vc_column_text][vc_column_text]<\/p>\n<h4>24\/7 HOTLINE<\/h4>\n<h4 class=\"p1\"><strong><span class=\"s1\">030 \/ 58 74 07 55 0<\/span><\/strong><\/h4>\n<p>[\/vc_column_text][\/vc_column_inner][\/vc_row_inner][vc_column_text]Wir sind von von Montag bis Samstag in der Zeit von 7 bis 22 Uhr f\u00fcr Sie erreichbar.<br \/>\nSenden Sie Ihre Anfrage bitte mit Hilfe des unten folgenden Formulars, oder rufen Sie uns ganz unkompliziert an!<br \/>\nNat\u00fcrlich k\u00f6nnen Sie uns auch gerne in unserem Laden in der Brandenburgische Stra\u00dfe 77, in 10713 Berlin-Wilmersdorf vorbeikommen.[\/vc_column_text][vc_row_inner css=&#8220;.vc_custom_1443177442599{margin-bottom: 20px !important;}&#8220; el_class=&#8220;call-us&#8220;][vc_column_inner width=&#8220;1\/6&#8243; offset=&#8220;vc_col-xs-2&#8243;][thememove_icon icon_fontawesome=&#8220;fa fa-phone&#8220; font_size=&#8220;18&#8243; font_color=&#8220;#111111&#8243;][\/vc_column_inner][vc_column_inner width=&#8220;5\/6&#8243; offset=&#8220;vc_col-xs-10&#8243;][vc_custom_heading text=&#8220;030 \/ 58 74 07 55 0&#8243; font_container=&#8220;tag:h2|font_size:20|text_align:left|color:%23111111&#8243; link=&#8220;url:tel%3A030%20%2F%2058%2074%2007%2055%200|||&#8220;][vc_custom_heading text=&#8220;info@reparatur24.berlin&#8220; font_container=&#8220;tag:p|font_size:14|text_align:left|color:%23111111&#8243;][\/vc_column_inner][\/vc_row_inner][vc_row_inner el_class=&#8220;call-us&#8220;][vc_column_inner width=&#8220;1\/6&#8243; offset=&#8220;vc_col-xs-2&#8243;][thememove_icon icon_fontawesome=&#8220;fa fa-home&#8220; font_size=&#8220;18&#8243; font_color=&#8220;#111111&#8243;][\/vc_column_inner][vc_column_inner width=&#8220;5\/6&#8243; offset=&#8220;vc_col-xs-10&#8243;][vc_custom_heading text=&#8220;Brandenburgische Stra\u00dfe 77<br \/>\n10713 Berlin&#8220; font_container=&#8220;tag:p|font_size:14|text_align:left|color:%23111111&#8243;][\/vc_column_inner][\/vc_row_inner][\/vc_column][vc_column width=&#8220;2\/3&#8243;][contact-form-7 id=&#8220;5&#8243;][\/vc_column][\/vc_row][vc_row full_width=&#8220;stretch_row&#8220; el_class=&#8220;be-a-piece-of-us middle&#8220; css=&#8220;.vc_custom_1439191711650{margin-bottom: 0px !important;padding-top: 65px !important;padding-bottom: 68px !important;background-color: #eeeeee !important;}&#8220;][vc_column width=&#8220;1\/12&#8243; el_class=&#8220;center&#8220;][thememove_icon icon_fontawesome=&#8220;fa fa-users&#8220; font_size=&#8220;26&#8243; font_color=&#8220;#111111&#8243;][\/vc_column][vc_column width=&#8220;2\/3&#8243; el_class=&#8220;center-xs start-sm&#8220;][vc_custom_heading text=&#8220;Bewirb Dich heute und starte morgen.&#8220; font_container=&#8220;tag:h2|font_size:32|text_align:left|color:%231d2736&#8243; link=&#8220;url:http%3A%2F%2Freparatur24.berlin%2Fhaushalt%2Fjob-karriere%2F|||&#8220;][vc_column_text]Wir freuen uns, Dich in unserm Team begr\u00fc\u00dfen zu d\u00fcrfen, Werde Teil des Teams![\/vc_column_text][\/vc_column][vc_column width=&#8220;1\/4&#8243; el_class=&#8220;center&#8220;][\/vc_column][\/vc_row]<\/p>\n","protected":false},"excerpt":{"rendered":"<p>[vc_row][vc_column][vc_column_text]Mithilfe unserer EG Gallas Company geh\u00f6ren Defekte an Ihren Haushaltsger\u00e4ten bald der Vergangenheit an. Wir verf\u00fcgen n\u00e4mlich \u00fcber ein handwerklich geschicktes Serviceteam, das fachgerechte Reparaturen an allen Ger\u00e4ten wie zum Beispiel W\u00e4schetrockner, Waschmaschinen, Geschirrsp\u00fcler, Elektroherde, Induktionsherde oder Mikrowellen gew\u00e4hrleistet. Neben einem professionellen Miele Kundendienst in Berlin erstreckt sich unser Service auch auf andere Handelsmarken. Falls [&hellip;]<\/p>\n","protected":false},"author":1,"featured_media":0,"parent":0,"menu_order":0,"comment_status":"closed","ping_status":"closed","template":"","meta":{"_uag_custom_page_level_css":"","site-sidebar-layout":"no-sidebar","site-content-layout":"plain-container","ast-site-content-layout":"default","site-content-style":"default","site-sidebar-style":"default","ast-global-header-display":"","ast-banner-title-visibility":"","ast-main-header-display":"","ast-hfb-above-header-display":"","ast-hfb-below-header-display":"","ast-hfb-mobile-header-display":"","site-post-title":"disabled","ast-breadcrumbs-content":"","ast-featured-img":"disabled","footer-sml-layout":"","ast-disable-related-posts":"","theme-transparent-header-meta":"","adv-header-id-meta":"","stick-header-meta":"","header-above-stick-meta":"","header-main-stick-meta":"","header-below-stick-meta":"","astra-migrate-meta-layouts":"default","ast-page-background-enabled":"default","ast-page-background-meta":{"desktop":{"background-color":"","background-image":"","background-repeat":"repeat","background-position":"center center","background-size":"auto","background-attachment":"scroll","background-type":"","background-media":"","overlay-type":"","overlay-color":"","overlay-opacity":"","overlay-gradient":""},"tablet":{"background-color":"","background-image":"","background-repeat":"repeat","background-position":"center center","background-size":"auto","background-attachment":"scroll","background-type":"","background-media":"","overlay-type":"","overlay-color":"","overlay-opacity":"","overlay-gradient":""},"mobile":{"background-color":"","background-image":"","background-repeat":"repeat","background-position":"center center","background-size":"auto","background-attachment":"scroll","background-type":"","background-media":"","overlay-type":"","overlay-color":"","overlay-opacity":"","overlay-gradient":""}},"ast-content-background-meta":{"desktop":{"background-color":"var(--ast-global-color-5)","background-image":"","background-repeat":"repeat","background-position":"center center","background-size":"auto","background-attachment":"scroll","background-type":"","background-media":"","overlay-type":"","overlay-color":"","overlay-opacity":"","overlay-gradient":""},"tablet":{"background-color":"var(--ast-global-color-5)","background-image":"","background-repeat":"repeat","background-position":"center center","background-size":"auto","background-attachment":"scroll","background-type":"","background-media":"","overlay-type":"","overlay-color":"","overlay-opacity":"","overlay-gradient":""},"mobile":{"background-color":"var(--ast-global-color-5)","background-image":"","background-repeat":"repeat","background-position":"center center","background-size":"auto","background-attachment":"scroll","background-type":"","background-media":"","overlay-type":"","overlay-color":"","overlay-opacity":"","overlay-gradient":""}},"footnotes":""},"class_list":["post-4263","page","type-page","status-publish","hentry"],"uagb_featured_image_src":{"full":false,"thumbnail":false,"medium":false,"medium_large":false,"large":false,"1536x1536":false,"2048x2048":false},"uagb_author_info":{"display_name":"samir","author_link":"https:\/\/reparatur24.berlin\/staging\/author\/samir\/"},"uagb_comment_info":0,"uagb_excerpt":"[vc_row][vc_column][vc_column_text]Mithilfe unserer EG Gallas Company geh\u00f6ren Defekte an Ihren Haushaltsger\u00e4ten bald der Vergangenheit an. Wir verf\u00fcgen n\u00e4mlich \u00fcber ein handwerklich geschicktes Serviceteam, das fachgerechte Reparaturen an allen Ger\u00e4ten wie zum Beispiel W\u00e4schetrockner, Waschmaschinen, Geschirrsp\u00fcler, Elektroherde, Induktionsherde oder Mikrowellen gew\u00e4hrleistet. Neben einem professionellen Miele Kundendienst in Berlin erstreckt sich unser Service auch auf andere Handelsmarken. Falls&hellip;","_links":{"self":[{"href":"https:\/\/reparatur24.berlin\/staging\/wp-json\/wp\/v2\/pages\/4263","targetHints":{"allow":["GET"]}}],"collection":[{"href":"https:\/\/reparatur24.berlin\/staging\/wp-json\/wp\/v2\/pages"}],"about":[{"href":"https:\/\/reparatur24.berlin\/staging\/wp-json\/wp\/v2\/types\/page"}],"author":[{"embeddable":true,"href":"https:\/\/reparatur24.berlin\/staging\/wp-json\/wp\/v2\/users\/1"}],"replies":[{"embeddable":true,"href":"https:\/\/reparatur24.berlin\/staging\/wp-json\/wp\/v2\/comments?post=4263"}],"version-history":[{"count":1,"href":"https:\/\/reparatur24.berlin\/staging\/wp-json\/wp\/v2\/pages\/4263\/revisions"}],"predecessor-version":[{"id":10268,"href":"https:\/\/reparatur24.berlin\/staging\/wp-json\/wp\/v2\/pages\/4263\/revisions\/10268"}],"wp:attachment":[{"href":"https:\/\/reparatur24.berlin\/staging\/wp-json\/wp\/v2\/media?parent=4263"}],"curies":[{"name":"wp","href":"https:\/\/api.w.org\/{rel}","templated":true}]}}