{"id":4075,"date":"2019-10-08T23:24:06","date_gmt":"2019-10-08T22:24:06","guid":{"rendered":"https:\/\/reparatur24.berlin\/?page_id=4075"},"modified":"2026-04-13T12:04:12","modified_gmt":"2026-04-13T11:04:12","slug":"siemens-2","status":"publish","type":"page","link":"https:\/\/reparatur24.berlin\/staging\/siemens-2\/","title":{"rendered":"SIEMENS"},"content":{"rendered":"<p><span style=\"vertical-align: inherit\"><span style=\"vertical-align: inherit\">[vc_row][szeroko\u015b\u0107_kolumny vc=&#8220;2\/3&#8243;][tekst_kolumny vc]<\/span><\/span><\/p>\n<h4><span style=\"vertical-align: inherit\"><span style=\"vertical-align: inherit\">Udzielanie porad ka\u017cdemu rozm\u00f3wcy wykwalifikowanemu, sta\u0142emu, oddzielnemu i osobistemu &#8211; to dobro\u0107 Centrum Obs\u0142ugi Klienta Siemens. Z tego powodu nie otrzymasz podczas nas g\u0142osu komputerowego, nie b\u0119dziesz musia\u0142 wchodzi\u0107 przez telefon i \u017cadne nerwowe przekazywanie nie spowolni Twojego \u017c\u0105dania.<\/span><\/span><\/h4>\n<p>&nbsp;<\/p>\n<h4><span style=\"vertical-align: inherit\"><span style=\"vertical-align: inherit\">Serwis naprawczy Siemens i obs\u0142uga klienta w Berlinie<\/span><\/span><\/h4>\n<p><span style=\"vertical-align: inherit\"><span style=\"vertical-align: inherit\">Serwis naprawczy Siemens w Berlinie: Sprawiamy, \u017ce Tw\u00f3j ekspres do kawy dzia\u0142a!<\/span><\/span><br \/>\n<span style=\"vertical-align: inherit\"><span style=\"vertical-align: inherit\">Dla wi\u0119kszo\u015bci berli\u0144czyk\u00f3w jest to poranny rytua\u0142: wstawa\u0107, bra\u0107 prysznic, parzy\u0107 kaw\u0119. Wiadomo, \u017ce idealny dzie\u0144 rozpoczyna si\u0119 koj\u0105cym aromatem kawy w nosie. Dzi\u0119ki temu b\u0119dziesz si\u0119 \u015bwietnie bawi\u0107 przy swoim ekspresie do kawy. Dzi\u0119ki naszemu serwisowi naprawczemu Siemens Berlin zapewniamy najwy\u017cszej klasy konserwacj\u0119 i serwisowanie. A co je\u015bli ekspres do kawy rzeczywi\u015bcie zacznie strajkowa\u0107? Poni\u017cej jeste\u015bmy sumienni i wykwalifikowani w zakresie szybkiej naprawy dla Twojej przyjemno\u015bci z kawy w akcji.<\/span><\/span><\/p>\n<p><span style=\"vertical-align: inherit\"><span style=\"vertical-align: inherit\">Dzi\u0119ki naszej us\u0142udze naprawy ekspres\u00f3w do kawy Siemens w stolicy federalnej mo\u017cemy w mgnieniu oka ponownie przygotowa\u0107 Twoje ekspresy do kawy. Tw\u00f3j ekspres do kawy Ci\u0119 zawi\u00f3d\u0142? Nasz dzia\u0142 obs\u0142ugi klienta ch\u0119tnie doradzi Ci w sprawie opcji naprawy. Skontaktuj si\u0119 z nami ju\u017c dzi\u015b!<\/span><\/span><\/p>\n<p>&nbsp;<\/p>\n<h4><span style=\"vertical-align: inherit\"><span style=\"vertical-align: inherit\">Nic nie dzia\u0142a bez kawy \u2013 natychmiast zadzwo\u0144 do serwisu Gallas Siemens Repair Service Berlin!<\/span><\/span><\/h4>\n<p><span style=\"vertical-align: inherit\"><span style=\"vertical-align: inherit\">Wyobra\u017a sobie, \u017ce musisz zrezygnowa\u0107 z kawy w gabinecie, poniewa\u017c w pe\u0142ni automatyczny ekspres do kawy ju\u017c nie dzia\u0142a. Nie zdarza si\u0119 to w najmniejszym stopniu, ch\u0119tnie b\u0119dziemy wielokrotnie konserwowa\u0107 dla Ciebie ekspres do kawy Siemens. Logicznie rzecz bior\u0105c, jest to bardzo proste i zwinne w miar\u0119 poruszania si\u0119 po witrynie. Kawa nie dzia\u0142a ju\u017c prawid\u0142owo lub ekspres do kawy wy\u015bwietla komunikat o b\u0142\u0119dzie? Zadzwo\u0144 do nas bez \u017cadnych problem\u00f3w, a my bezp\u0142atnie odbierzemy Tw\u00f3j wadliwy, w pe\u0142ni automatyczny ekspres do kawy. Zapraszamy jednak do podrzucenia ekspresu do kawy bezpo\u015brednio do naszego specjalistycznego sklepu. Udzielamy Pa\u0144stwu r\u00f3wnie\u017c 12-miesi\u0119cznej gwarancji na nasze us\u0142ugi.<\/span><\/span><\/p>\n<h4><span style=\"vertical-align: inherit\"><span style=\"vertical-align: inherit\">Ekspres do kawy Siemens uszkodzony? Jeste\u015bmy Twoim partnerem serwisowym<\/span><\/span><\/h4>\n<p><span style=\"vertical-align: inherit\"><span style=\"vertical-align: inherit\">Dok\u0142adnie sprawdzimy Tw\u00f3j ekspres do kawy i bezp\u0142atnie stworzymy dla Ciebie specjaln\u0105 diagnostyk\u0119 usterek. Na tej podstawie otrzymasz od nas spersonalizowan\u0105 wycen\u0119 naprawy. Gdy szczeg\u00f3\u0142y zostan\u0105 sfinalizowane, zaczniemy dla Ciebie. Nie rezygnuj z kawy samej przez d\u0142u\u017cszy czas i zostaw ekspres do kawy w dzisiejszych czasach <\/span><\/span><a href=\"https:\/\/reparatur24.berlin\/staging\/kaffeevollautomat-reparatur\/\"><span style=\"vertical-align: inherit\"><span style=\"vertical-align: inherit\">Naprawa24.berlin<\/span><\/span><\/a><span style=\"vertical-align: inherit\"><span style=\"vertical-align: inherit\"> odebra\u0107. Dzi\u0119ki wiedzy i do\u015bwiadczeniu gwarantujemy, \u017ce kawa b\u0119dzie p\u0142yn\u0105\u0107 ponownie w ci\u0105gu 2-4 dni w ci\u0105gu Ciebie. Cieszymy si\u0119, \u017ce mo\u017cemy by\u0107 przy Tobie osobi\u015bcie. Skontaktuj si\u0119 z nami \u0142atwo telefonicznie lub e-mailem. Czekamy na Ciebie! Twoja obs\u0142uga klienta EG GALLAS dla w pe\u0142ni automatycznych ekspres\u00f3w do kawy.<\/span><\/span><\/p>\n<p><span style=\"vertical-align: inherit\"><span style=\"vertical-align: inherit\">Twoja obs\u0142uga klienta dla w pe\u0142ni automatycznych ekspres\u00f3w do kawy Siemens w <\/span><\/span><a href=\"https:\/\/www.berlin.de\" target=\"_blank\" rel=\"noopener\"><span style=\"vertical-align: inherit\"><span style=\"vertical-align: inherit\">Stolica Federalna Berlin<\/span><\/span><\/a><span style=\"vertical-align: inherit\"><span style=\"vertical-align: inherit\">.<\/span><\/span><\/p>\n<p>&nbsp;<\/p>\n<p><span style=\"vertical-align: inherit\"><span style=\"vertical-align: inherit\">Mo\u017cesz \u0142atwo skontaktowa\u0107 si\u0119 z nami tutaj![\/vc_column_text][thememove_button text=&#8220;Nagrywanie kontaktu&#8220; link=&#8220;url:https%3A%2F%2Frepair24.berlin%2Fkontakt%2F|title:KONTAKT||&#8220;][\/vc_column][vc_column width=&#8220;1\/3&#8243;][thememove_button text=&#8220;Tel.: 030\/58 74 07 55 0&#8243; link=&#8220;url:tel%3A030%2F587407550|||&#8220;][vc_column_text]<\/span><\/span><\/p>\n<p class=\"p1\"><b><span style=\"vertical-align: inherit\"><span style=\"vertical-align: inherit\">Znajdziesz nas tutaj:<\/span><\/span><\/b><\/p>\n<p class=\"p2\"><b><span style=\"vertical-align: inherit\"><span style=\"vertical-align: inherit\">Obs\u0142uga klienta w Berlinie i okolicach<\/span><\/span><\/b><br \/>\n<span style=\"vertical-align: inherit\"><span style=\"vertical-align: inherit\">Brandenburgische Stra\u00dfe 77<\/span><\/span><br \/>\n<span style=\"vertical-align: inherit\"><span style=\"vertical-align: inherit\">10713 Berlin<\/span><\/span><br \/>\n<span style=\"vertical-align: inherit\"><span style=\"vertical-align: inherit\">Telefon:030 \/ 58 7407 55 0<\/span><\/span><\/p>\n<p class=\"p2\"><b><span style=\"vertical-align: inherit\"><span style=\"vertical-align: inherit\">Nasze godziny otwarcia:<\/span><\/span><\/b><br \/>\n<span style=\"vertical-align: inherit\"><span style=\"vertical-align: inherit\">Pon &#8211; Pt: 07:00 \u2013 20:00<\/span><\/span><br \/>\n<span style=\"vertical-align: inherit\"><span style=\"vertical-align: inherit\">Sobota: 10:00 \u2013 14:00<\/span><\/span><\/p>\n<p class=\"p3\"><span class=\"s1\"><a href=\"https:\/\/reparatur24.berlin\/staging\/impressum\/\"><span style=\"vertical-align: inherit\"><span style=\"vertical-align: inherit\">Odcisk<\/span><\/span><\/a><\/span><\/p>\n<p class=\"p1\"><b>\u00a0<\/b><\/p>\n<p class=\"p1\"><b><span style=\"vertical-align: inherit\"><span style=\"vertical-align: inherit\">Naprawiamy:<\/span><\/span><\/b><\/p>\n<p class=\"p3\"><span class=\"s1\"><a href=\"https:\/\/reparatur24.berlin\/staging\/waschmaschinen-reparatur\/\"><span style=\"vertical-align: inherit\"><span style=\"vertical-align: inherit\">pralki<\/span><\/span><\/a><\/span><\/p>\n<p class=\"p3\"><span class=\"s1\"><a href=\"https:\/\/reparatur24.berlin\/staging\/waeschetrockner-reparatur\/\"><span style=\"vertical-align: inherit\"><span style=\"vertical-align: inherit\">suszarka b\u0119bnowa<\/span><\/span><\/a><\/span><\/p>\n<p class=\"p3\"><span class=\"s1\"><a href=\"https:\/\/reparatur24.berlin\/staging\/waschtrockner-reparatur-berlin\/\"><span style=\"vertical-align: inherit\"><span style=\"vertical-align: inherit\">pralka-suszarka<\/span><\/span><\/a><\/span><\/p>\n<p class=\"p3\"><span class=\"s1\"><a href=\"https:\/\/reparatur24.berlin\/staging\/geschirrspueler-reparatur\/\"><span style=\"vertical-align: inherit\"><span style=\"vertical-align: inherit\">Zmywarka<\/span><\/span><\/a><\/span><\/p>\n<p class=\"p3\"><span class=\"s1\"><a href=\"https:\/\/reparatur24.berlin\/staging\/elektroherd-reparatur\/\"><span style=\"vertical-align: inherit\"><span style=\"vertical-align: inherit\">Kuchenki elektryczne<\/span><\/span><\/a><\/span><\/p>\n<p class=\"p3\"><span class=\"s1\"><a href=\"https:\/\/reparatur24.berlin\/staging\/kaffeevollautomaten-reparatur-in-berlin\/\"><span style=\"vertical-align: inherit\"><span style=\"vertical-align: inherit\">W pe\u0142ni automatyczne ekspresy do kawy<\/span><\/span><\/a><\/span><\/p>\n<p class=\"p1\"><b>\u00a0<\/b><\/p>\n<p class=\"p1\"><b><span style=\"vertical-align: inherit\"><span style=\"vertical-align: inherit\">Gwarancja naprawy:<\/span><\/span><\/b><\/p>\n<p class=\"p2\"><span style=\"vertical-align: inherit\"><span style=\"vertical-align: inherit\">Pracujemy sumiennie, kompetentnie i ekonomicznie z <\/span><\/span><b><span style=\"vertical-align: inherit\"><span style=\"vertical-align: inherit\">24-miesi\u0119czna gwarancja<\/span><\/span><\/b><span style=\"vertical-align: inherit\"><span style=\"vertical-align: inherit\">.<\/span><\/span><br \/>\n<span style=\"vertical-align: inherit\"><span style=\"vertical-align: inherit\">Nasi klienci naprawd\u0119 to doceniaj\u0105.<\/span><\/span><\/p>\n<p class=\"p1\"><b>\u00a0<\/b><\/p>\n<p class=\"p1\"><b><span style=\"vertical-align: inherit\"><span style=\"vertical-align: inherit\">Nasze us\u0142ugi:<\/span><\/span><\/b><\/p>\n<ul class=\"ul1\">\n<li class=\"li2\"><span style=\"vertical-align: inherit\"><span style=\"vertical-align: inherit\">Ca\u0142odobowa s\u0142u\u017cba ratunkowa<\/span><\/span><\/li>\n<li class=\"li2\"><span style=\"vertical-align: inherit\"><span style=\"vertical-align: inherit\">Naprawy wed\u0142ug producenta Okres gwarancji<\/span><\/span><\/li>\n<li class=\"li2\"><span style=\"vertical-align: inherit\"><span style=\"vertical-align: inherit\">nasza 24-miesi\u0119czna gwarancja naprawy<\/span><\/span><\/li>\n<li class=\"li2\"><span style=\"vertical-align: inherit\"><span style=\"vertical-align: inherit\">Us\u0142ugi konserwacyjne wszelkiego rodzaju<\/span><\/span><\/li>\n<li class=\"li2\"><span style=\"vertical-align: inherit\"><span style=\"vertical-align: inherit\">Porady ekspert\u00f3w dotycz\u0105ce towar\u00f3w wysokiej jako\u015bci<\/span><\/span><\/li>\n<li class=\"li2\"><span style=\"vertical-align: inherit\"><span style=\"vertical-align: inherit\">Nowy zakup, je\u015bli naprawa jest nieekonomiczna<\/span><\/span><\/li>\n<li class=\"li2\"><span style=\"vertical-align: inherit\"><span style=\"vertical-align: inherit\">Utylizacja starego sprz\u0119tu<\/span><\/span><\/li>\n<li class=\"li2\"><span style=\"vertical-align: inherit\"><span style=\"vertical-align: inherit\">Dostawa do Twojego domu<\/span><\/span><\/li>\n<li class=\"li2\"><span style=\"vertical-align: inherit\"><span style=\"vertical-align: inherit\">Po\u0142\u0105czenie i instalacja<\/span><\/span><\/li>\n<li class=\"li2\"><span style=\"vertical-align: inherit\"><span style=\"vertical-align: inherit\">osobista obs\u0142uga klienta<\/span><\/span><\/li>\n<\/ul>\n<p class=\"p1\"><b>\u00a0<\/b><\/p>\n<p class=\"p1\"><b><span style=\"vertical-align: inherit\"><span style=\"vertical-align: inherit\">Siedziba g\u0142\u00f3wna Berlin i okolice<\/span><\/span><\/b><\/p>\n<p class=\"p3\"><span class=\"s2\"><span style=\"vertical-align: inherit\"><span style=\"vertical-align: inherit\">Numer telefonu:<\/span><\/span><a href=\"tel:030%20\/%2058%2074%2007%2055%200\"><span class=\"s3\"><span style=\"vertical-align: inherit\"><span style=\"vertical-align: inherit\">030 \/ 58 74 07 55 0<\/span><\/span><\/span><\/a><\/span><\/p>\n<p class=\"p2\"><span style=\"vertical-align: inherit\"><span style=\"vertical-align: inherit\">Wskaz\u00f3wki i szacunki 16 \u20ac<\/span><\/span><\/p>\n<p><span style=\"vertical-align: inherit\"><span style=\"vertical-align: inherit\">[\/vc_column_text][thememove_button text=&#8220;ZADZWO\u0143 TERAZ!&#8220; link=&#8220;url:tel%3A30%2F587407550|||&#8220;][\/vc_column][\/vc_row][vc_row css=&#8220;.vc_custom_1443177632481{margines-d\u00f3\u0142: 70px!wa\u017cne;}&#8220;][vc_column width=&#8220;1\/3&#8243;][vc_row_inner css=&#8220;.vc_custom_1443496397223{margines-d\u00f3\u0142: -10px !wa\u017cne;}&#8220;][vc_column_inner el_class=&#8220;gor\u0105ca linia&#8220;][vc_column_text]<\/span><\/span><img loading=\"lazy\" decoding=\"async\" class=\"alignnone\" src=\"https:\/\/renovation.thememove.com\/data\/images\/contact-hot-line.jpg\" alt=\"\" width=\"370\" height=\"250\" \/><span style=\"vertical-align: inherit\"><span style=\"vertical-align: inherit\">[\/tekst_kolumny_vc][tekst_kolumny_vc]<\/span><\/span><\/p>\n<h4><span style=\"vertical-align: inherit\"><span style=\"vertical-align: inherit\">CA\u0141ODOBOWA INFOLINIA<\/span><\/span><\/h4>\n<h4 class=\"p1\"><strong><span class=\"s1\"><span style=\"vertical-align: inherit\"><span style=\"vertical-align: inherit\">030 \/ 58 74 07 55 0<\/span><\/span><\/span><\/strong><\/h4>\n<p><span style=\"vertical-align: inherit\"><span style=\"vertical-align: inherit\">[\/vc_column_text][\/vc_column_inner][\/vc_row_inner][vc_column_text]Jeste\u015bmy dost\u0119pni od poniedzia\u0142ku do soboty w godzinach 7:00-22:00.<\/span><\/span><br \/>\n<span style=\"vertical-align: inherit\"><span style=\"vertical-align: inherit\">Prosimy o przes\u0142anie zapytania za pomoc\u0105 poni\u017cszego formularza lub \u0142atwy telefon!<\/span><\/span><br \/>\n<span style=\"vertical-align: inherit\"><span style=\"vertical-align: inherit\">Oczywi\u015bcie, mo\u017cesz r\u00f3wnie\u017c odwiedzi\u0107 nasz sklep przy Brandenburgische Stra\u00dfe 77, w 10713 Berlin-Wilmersdorf.[\/vc_column_text][vc_row_inner css=&#8220;.vc_custom_1443177442599{margin-bottom: 20px!wa\u017cne;}&#8220; el_class=&#8220;call-us&#8220;][vc_column_inner width=&#8220;1\/6&#8243; offset=&#8220;vc_col-xs-2&#8243;][thememove_icon icon_fontawesome=&#8220;fa fa-phone&#8220; font_size=&#8220;18&#8243; font_color=&#8220;#111111&#8243;][\/vc_column_inner][vc_column_inner width=&#8220;5\/6&#8243; offset=&#8220;vc_col-xs-10&#8243;][vc_custom_heading text=&#8220;030\/58 74 07 55 0&#8243; font_container=&#8220;tag:h2|font_size:20|text_align:left|color:%23111111&#8243; link=&#8220;url:tel%3A030%20%2F%2058%2074%2007%2055%200|||&#8220;][vc_custom_heading text=&#8220;info@reparatur24.berlin&#8220; font_container=&#8220;tag:p|font_size:14|text_align:left|color:%23111111&#8243;][\/vc_column_inner][\/vc_row_inner][vc_row_inner el_class=&#8220;call-us&#8220;][vc_column_inner width=&#8220;1\/6&#8243; offset=&#8220;vc_col-xs-2&#8243;][thememove_icon icon_fontawesome=&#8220;fa fa-home&#8220; font_size=&#8220;18&#8243; font_color=&#8220;#111111&#8243;][\/vc_column_inner][vc_column_inner width=&#8220;5\/6&#8243; offset=&#8220;vc_col-xs-10&#8243;][vc_custom_heading text=&#8220;Brandenburgische Stra\u00dfe 77<\/span><\/span><br \/>\n<span style=\"vertical-align: inherit\"><span style=\"vertical-align: inherit\">10713 Berlin&#8220; font_container=&#8220;tag:p|font_size:14|text_align:left|color:%23111111&#8243;][\/vc_column_inner][\/vc_row_inner][\/vc_column][vc_column width=&#8220;2\/3&#8243;][contact-form-7 id=&#8220;5&#8243;][\/vc_column][\/vc_row][vc_row full_width=&#8220;stretch_row&#8220; el_class=&#8220;be-a-piece-of-us middle&#8220; css=&#8220;.vc_custom_1439191711650{margines-d\u00f3\u0142: 0px!wa\u017cne;padding-top: 65px!wa\u017cne;wype\u0142nienie-d\u00f3\u0142: 68px!wa\u017cne;kolor t\u0142a: #eeeeee !wa\u017cne;}&#8220;][vc_column width=&#8220;1\/12&#8243; el_class=&#8220;center&#8220;][thememove_icon icon_fontawesome=&#8220;fa fa-users&#8220; font_size=&#8220;26&#8243; font_color=&#8220;#111111&#8243;][\/vc_column][vc_column width=&#8220;2\/3&#8243; el_class=&#8220;center-xs start-sm&#8220;][vc_custom_heading text=&#8220;Zastosuj dzisiaj i zacznij jutro.&#8220; font_container=&#8220;tag:h2|font_size:32|text_align:left|color:%231d2736&#8243; link=&#8220;url:http%3A%2F%2Freparatur24.berlin%2Fhaushalt%2Fjob-karriere%2F|||&#8220;][vc_column_text]Nie mo\u017cemy si\u0119 doczeka\u0107, aby powita\u0107 Ci\u0119 w naszym zespole, zosta\u0144 cz\u0119\u015bci\u0105 zespo\u0142u![\/vc_column_text][\/vc_column][vc_column width=&#8220;1\/4&#8243; el_class=&#8220;center&#8220;][\/vc_column][\/vc_row]<\/span><\/span><\/p>\n","protected":false},"excerpt":{"rendered":"<p>[vc_row][szeroko\u015b\u0107_kolumny vc=&#8220;2\/3&#8243;][tekst_kolumny vc] Udzielanie porad ka\u017cdemu rozm\u00f3wcy wykwalifikowanemu, sta\u0142emu, oddzielnemu i osobistemu &#8211; to dobro\u0107 Centrum Obs\u0142ugi Klienta Siemens. Z tego powodu nie otrzymasz podczas nas g\u0142osu komputerowego, nie b\u0119dziesz musia\u0142 wchodzi\u0107 przez telefon i \u017cadne nerwowe przekazywanie nie spowolni Twojego \u017c\u0105dania. &nbsp; Serwis naprawczy Siemens i obs\u0142uga klienta w Berlinie Serwis naprawczy Siemens w [&hellip;]<\/p>\n","protected":false},"author":1,"featured_media":0,"parent":0,"menu_order":0,"comment_status":"closed","ping_status":"closed","template":"","meta":{"_uag_custom_page_level_css":"","site-sidebar-layout":"default","site-content-layout":"","ast-site-content-layout":"default","site-content-style":"default","site-sidebar-style":"default","ast-global-header-display":"","ast-banner-title-visibility":"","ast-main-header-display":"","ast-hfb-above-header-display":"","ast-hfb-below-header-display":"","ast-hfb-mobile-header-display":"","site-post-title":"","ast-breadcrumbs-content":"","ast-featured-img":"","footer-sml-layout":"","ast-disable-related-posts":"","theme-transparent-header-meta":"","adv-header-id-meta":"","stick-header-meta":"","header-above-stick-meta":"","header-main-stick-meta":"","header-below-stick-meta":"","astra-migrate-meta-layouts":"default","ast-page-background-enabled":"default","ast-page-background-meta":{"desktop":{"background-color":"","background-image":"","background-repeat":"repeat","background-position":"center center","background-size":"auto","background-attachment":"scroll","background-type":"","background-media":"","overlay-type":"","overlay-color":"","overlay-opacity":"","overlay-gradient":""},"tablet":{"background-color":"","background-image":"","background-repeat":"repeat","background-position":"center center","background-size":"auto","background-attachment":"scroll","background-type":"","background-media":"","overlay-type":"","overlay-color":"","overlay-opacity":"","overlay-gradient":""},"mobile":{"background-color":"","background-image":"","background-repeat":"repeat","background-position":"center center","background-size":"auto","background-attachment":"scroll","background-type":"","background-media":"","overlay-type":"","overlay-color":"","overlay-opacity":"","overlay-gradient":""}},"ast-content-background-meta":{"desktop":{"background-color":"var(--ast-global-color-5)","background-image":"","background-repeat":"repeat","background-position":"center center","background-size":"auto","background-attachment":"scroll","background-type":"","background-media":"","overlay-type":"","overlay-color":"","overlay-opacity":"","overlay-gradient":""},"tablet":{"background-color":"var(--ast-global-color-5)","background-image":"","background-repeat":"repeat","background-position":"center center","background-size":"auto","background-attachment":"scroll","background-type":"","background-media":"","overlay-type":"","overlay-color":"","overlay-opacity":"","overlay-gradient":""},"mobile":{"background-color":"var(--ast-global-color-5)","background-image":"","background-repeat":"repeat","background-position":"center center","background-size":"auto","background-attachment":"scroll","background-type":"","background-media":"","overlay-type":"","overlay-color":"","overlay-opacity":"","overlay-gradient":""}},"footnotes":""},"class_list":["post-4075","page","type-page","status-publish","hentry"],"uagb_featured_image_src":{"full":false,"thumbnail":false,"medium":false,"medium_large":false,"large":false,"1536x1536":false,"2048x2048":false},"uagb_author_info":{"display_name":"samir","author_link":"https:\/\/reparatur24.berlin\/staging\/author\/samir\/"},"uagb_comment_info":0,"uagb_excerpt":"[vc_row][szeroko\u015b\u0107_kolumny vc=&#8220;2\/3&#8243;][tekst_kolumny vc] Udzielanie porad ka\u017cdemu rozm\u00f3wcy wykwalifikowanemu, sta\u0142emu, oddzielnemu i osobistemu &#8211; to dobro\u0107 Centrum Obs\u0142ugi Klienta Siemens. Z tego powodu nie otrzymasz podczas nas g\u0142osu komputerowego, nie b\u0119dziesz musia\u0142 wchodzi\u0107 przez telefon i \u017cadne nerwowe przekazywanie nie spowolni Twojego \u017c\u0105dania. &nbsp; Serwis naprawczy Siemens i obs\u0142uga klienta w Berlinie Serwis naprawczy Siemens w&hellip;","_links":{"self":[{"href":"https:\/\/reparatur24.berlin\/staging\/wp-json\/wp\/v2\/pages\/4075","targetHints":{"allow":["GET"]}}],"collection":[{"href":"https:\/\/reparatur24.berlin\/staging\/wp-json\/wp\/v2\/pages"}],"about":[{"href":"https:\/\/reparatur24.berlin\/staging\/wp-json\/wp\/v2\/types\/page"}],"author":[{"embeddable":true,"href":"https:\/\/reparatur24.berlin\/staging\/wp-json\/wp\/v2\/users\/1"}],"replies":[{"embeddable":true,"href":"https:\/\/reparatur24.berlin\/staging\/wp-json\/wp\/v2\/comments?post=4075"}],"version-history":[{"count":0,"href":"https:\/\/reparatur24.berlin\/staging\/wp-json\/wp\/v2\/pages\/4075\/revisions"}],"wp:attachment":[{"href":"https:\/\/reparatur24.berlin\/staging\/wp-json\/wp\/v2\/media?parent=4075"}],"curies":[{"name":"wp","href":"https:\/\/api.w.org\/{rel}","templated":true}]}}