{"id":3698,"date":"2019-08-10T13:24:42","date_gmt":"2019-08-10T12:24:42","guid":{"rendered":"https:\/\/reparatur24.berlin\/?page_id=3698"},"modified":"2026-04-09T09:44:38","modified_gmt":"2026-04-09T08:44:38","slug":"bartscher","status":"publish","type":"page","link":"https:\/\/reparatur24.berlin\/staging\/bartscher\/","title":{"rendered":"Bartscher Reparatur Berlin"},"content":{"rendered":"<p>[vc_row][vc_column width=&#8220;2\/3&#8243;][vc_column_text]<\/p>\n<h2 class=\"western\"><span style=\"color: #000000\"><span style=\"font-family: webkit-standard\"><span style=\"font-size: large\">Bartscher Reparaturen Berlin und 20 km Umland<\/span><\/span><\/span><\/h2>\n<p><span style=\"color: #000000\"><span style=\"font-family: webkit-standard\">Wir sind der richtige Ansprechpartner, wenn es um Ihr defektes Bartscher Ger\u00e4t geht. Gerne reparieren, beraten oder helfen Ihnen bei der Installation.<\/span><\/span><\/p>\n<p><span style=\"color: #000000\"><span style=\"font-family: webkit-standard\">Ein defektes Bartscher Ger\u00e4t ist besonders \u00e4rgerlich, da man kaum Zeit oder Nerven hat das defekte Ger\u00e4t auszubauen, zur Reparatur zu bringen oder ein neues zu organisieren und neu zu installieren. In solchen F\u00e4llen k\u00f6nnen Sie unseren Abholservice nutzen. Die Frequenz-Service Techniker organisieren dann den sicheren Transport Ihres Bartscher Ger\u00e4ts in unsere Fachwerkstatt. Dort wird das Ger\u00e4t analysiert und im Anschluss werden Sie \u00fcber den Preis sowie notwendige Reparaturarbeiten informiert.<\/span><\/span><\/p>\n<p>&nbsp;<\/p>\n<h2 class=\"western\"><span style=\"color: #000000\"><span style=\"font-family: webkit-standard\">Schneller Full-Service dank Ihrer Mithilfe<\/span><\/span><\/h2>\n<p><span style=\"color: #000000\"><span style=\"font-family: webkit-standard\">Wenn Sie bei uns anrufen bitten wir Sie die unten folgenden Informationen bereit zu halten. Das hilft unseren Mitarbeitern und Ihnen. Aufgrund Dieser kann eine erste Diagnose bereits am Telefon erstellen werden:<\/span><\/span><\/p>\n<ul>\n<li><span style=\"color: #000000\"><span style=\"font-family: webkit-standard\">welche Markehat das Ger\u00e4t?<\/span><\/span><\/li>\n<li><span style=\"color: #000000\"><span style=\"font-family: webkit-standard\">z.B. : Siemens, Miele, Bosch, Bauknecht, AEG, etc.<\/span><\/span><\/li>\n<li><span style=\"color: #000000\"><span style=\"font-family: webkit-standard\">k\u00f6nnen Sie uns eine\u00a0<\/span><\/span><a href=\"https:\/\/de.wikipedia.org\/wiki\/Typenschild#Beispiele\" target=\"_blank\" rel=\"noopener\"><span style=\"color: #000000\"><span style=\"font-family: webkit-standard\"><b>Fabrikationsnummer<\/b><\/span><\/span><\/a><a href=\"https:\/\/de.wikipedia.org\/wiki\/Typenschild#Beispiele\" target=\"_blank\" rel=\"noopener\"><span style=\"color: #000000\"><span style=\"font-family: webkit-standard\">\/<\/span><\/span><\/a><span style=\"color: #000000\"><span style=\"font-family: webkit-standard\"><b>Ger\u00e4tenummer <\/b><\/span><\/span><span style=\"color: #000000\"><span style=\"font-family: webkit-standard\">nennen?<\/span><\/span><\/li>\n<li><span style=\"color: #000000\"><span style=\"font-family: webkit-standard\">kurze Beschreibung der St\u00f6runghilft immer.<\/span><\/span><\/li>\n<li><span style=\"color: #000000\"><span style=\"font-family: webkit-standard\">Ihr Name, Anschrift und Kontaktdatenist sehr wichtig.<\/span><\/span><\/li>\n<li><span style=\"color: #000000\"><span style=\"font-family: webkit-standard\">Ihre pers\u00f6nliche und telefonische Erreichbarkeiterleichtert den R\u00fcckruf.<\/span><\/span><\/li>\n<\/ul>\n<h2 class=\"western\"><span style=\"color: #000000\">\u00a0<\/span><\/h2>\n<h2 class=\"western\"><span style=\"color: #000000\"><span style=\"font-family: webkit-standard\">Bartscher Ger\u00e4te\u00a0Reparatur nur nach Ablauf der Hersteller Garantiezeit<\/span><\/span><\/h2>\n<p><span style=\"color: #000000\"><span style=\"font-family: webkit-standard\">Unser Kundendienst ist ein freier &amp; unabh\u00e4ngiger Reparaturdienst und kein Werkskundendienst. Deshalb d\u00fcrfen wir Auftr\u00e4ge nur nach Ablauf der vom Hersteller \u00fcbernommenen Garantiezeit anbieten. Dies sind in der Regel 2 Jahre. Erst nach dieser Zeit sind wir f\u00fcr Sie zust\u00e4ndig.<\/span><\/span><\/p>\n<h2 class=\"western\"><span style=\"color: #000000\"><span style=\"font-family: webkit-standard\">Vor-Ort-Reparatur und Werkstatt Service in Berlin<\/span><\/span><\/h2>\n<p><span style=\"color: #000000\"><span style=\"font-family: webkit-standard\">Unsere Techniker werden immer versuchen das Bartscher Ger\u00e4t\u00a0vor Ort zu reparieren. \u00dcblich n\u00f6tige Ersatzteile und Spezialwerkzeug haben wir dabei. Sollte die Reparatur die veranschlagte Zeit \u00fcberschreiten, ein Ersatzteil nicht vorr\u00e4tig sein oder der Platz nicht ausreichen um gr\u00fcndlich zu arbeiten, dann k\u00f6nnen wir Ihr Ger\u00e4t auch in unserer hauseigenen Werkstatt reparieren. Dies macht oft Sinn, da die Techniker dort in viel k\u00fcrzerer Zeit die gleichen Fehler beheben k\u00f6nnen. Durch die Mitnahme Ihres Ger\u00e4tes entstehen keine weiteren Kosten.<\/span><\/span><\/p>\n<h2 class=\"western\"><span style=\"color: #000000\"><span style=\"font-family: webkit-standard\">Bartscher Reparatur Berlin<\/span><\/span><\/h2>\n<p><span style=\"color: #000000\"><span style=\"font-family: webkit-standard\">Unsere geschulten Techniker k\u00f6nnen fast alle Probleme direkt vor Ort l\u00f6sen, jedoch m\u00fcssen wir bei manchen Fehlern das Bartscher Ger\u00e4t\u00a0in unsere Werkstatt bringen. Der Techniker vor Ort wird Ihnen bei Ihrer Entscheidung helfen und Ihnen sagen ob eine Reparatur sich bei Ihrem Bartscher Ger\u00e4t\u00a0lohnt und\/oder Wirtschaftlich ist.<\/span><\/span><\/p>\n<p><span style=\"color: #000000\"><span style=\"font-family: webkit-standard\">F\u00fcr unsere Anfahrt &amp; unseren Kostenvoranschlag berechnen wir eine Pauschale von 16 \u20ac.<\/span><\/span><\/p>\n<h3 class=\"western\"><span style=\"color: #000000\"><span style=\"font-family: webkit-standard\">16 \u20ac die es sich lohnt in Ihr Ger\u00e4t zu investieren.<\/span><\/span><\/h3>\n<p>&nbsp;<\/p>\n<p>&nbsp;<\/p>\n<p><span style=\"color: #000000\"><span style=\"font-family: webkit-standard\">Wir bieten Ihnen eine kompetente Reparatur und seri\u00f6sen Service f\u00fcr diese Ger\u00e4te an. Vereinbaren Sie also noch heute einen Termin mit unserem Kundendienst unter der Telefonnummer :<\/span><\/span><\/p>\n<h2 class=\"western\" align=\"CENTER\"><a><span style=\"color: #000000\"><span style=\"font-family: webkit-standard\">030 \/ 58 74 07 55 0<\/span><\/span><\/a><\/h2>\n<p><span style=\"color: #000000\"><span style=\"font-family: webkit-standard\">Halten Sie bei einem R\u00fcckruf auf jeden Fall die folgenden Informationen zu Ihrem Haushaltsger\u00e4t bereit, denn dadurch kann eine erste Fehlerdiagnose bereits am Telefon erstellt werden.<\/span><\/span><\/p>\n<p><strong><span style=\"color: #000000\"><span style=\"font-family: webkit-standard\">Wichtige Daten f\u00fcr unseren Reparaturservice:<\/span><\/span><\/strong><\/p>\n<ul>\n<li><span style=\"color: #000000\"><span style=\"font-family: webkit-standard\">um welche Marke (Siemens, Miele, Bosch, Bauknecht, AEG, etc.) handelt es sich?<\/span><\/span><\/li>\n<li><span style=\"color: #000000\"><span style=\"font-family: webkit-standard\">k\u00f6nnen Sie uns eine\u00a0Fabrikationsnummer\/\u00a0<a href=\"https:\/\/de.wikipedia.org\/wiki\/Typenschild#Beispiele\" target=\"_blank\" rel=\"noopener\">Ger\u00e4tenummer\u00a0<\/a>nennen?<\/span><\/span><\/li>\n<li><span style=\"color: #000000\"><span style=\"font-family: webkit-standard\">kurze Beschreibung der St\u00f6rung<\/span><\/span><\/li>\n<li><span style=\"color: #000000\"><span style=\"font-family: webkit-standard\">Name, Anschrift und Kontaktdaten<\/span><\/span><\/li>\n<li><span style=\"color: #000000\"><span style=\"font-family: webkit-standard\">Ihre Telefonnummer und Erreichbarkeit<\/span><\/span><\/li>\n<\/ul>\n<p><span style=\"color: #000000\"><span style=\"font-family: webkit-standard\">Anhand diesen Informationen k\u00f6nnen wir den Defekt erstmals einordnen und einen passenden Reparaturplan erstellen. Erforderliche Ersatzteile sowie Besonderheiten lassen sich so kl\u00e4ren.<\/span><\/span><\/p>\n<p><span style=\"color: #000000\"><span style=\"font-family: webkit-standard\">Mit diesen ersten Hinweisen kann ein Defekt eingeordnet werden. Dadurch kann eine passende Reparatur geplant werden. Auch erforderlichen Ersatzteilen sowie Besonderheiten Ihres Ger\u00e4tes lassen sich so kl\u00e4ren.<\/span><\/span><\/p>\n<p><span style=\"color: #000000\"><span style=\"font-family: webkit-standard\">Wir freuen uns auf Ihre Anrufe oder E-Mails. Ihr Kundendienst Reparaturen Berlin!<\/span><\/span><\/p>\n<p><span style=\"color: #000000\"><span style=\"font-family: webkit-standard\">Falls Sie noch Fragen haben k\u00f6nnen Sie uns einfach hier Kontaktieren!<\/span><\/span>[\/vc_column_text][\/vc_column][vc_column width=&#8220;1\/3&#8243;][thememove_button text=&#8220;Tel .: 030 \/ 58 74 07 55 0&#8243; link=&#8220;url:tel%3A030%2F587407550|||&#8220;][vc_column_text]<\/p>\n<p class=\"p1\"><b>Sie finden uns hier:<\/b><\/p>\n<p class=\"p2\"><b>Kundendienst in Berlin &amp; Umland<\/b><br \/>\nBrandenburgische Stra\u00dfe 77<br \/>\n10713 Berlin<br \/>\nTelefon:030 \/ 58 7407 55 0<\/p>\n<p class=\"p2\"><b>Unsere \u00d6ffnungszeiten:<\/b><br \/>\nMo &#8211; Fr: 07:00 \u2013 20:00 Uhr<br \/>\nSa: 10:00 \u2013 14:00 Uhr<\/p>\n<p class=\"p3\"><span class=\"s1\"><a href=\"https:\/\/reparatur24.berlin\/staging\/impressum\/\">Impressum<\/a><\/span><\/p>\n<p class=\"p1\"><b>\u00a0<\/b><\/p>\n<p class=\"p1\"><b>Wir reparieren:<\/b><\/p>\n<p class=\"p3\"><span class=\"s1\"><a href=\"https:\/\/reparatur24.berlin\/staging\/waschmaschinen-reparatur\/\">Waschmaschinen<\/a><\/span><\/p>\n<p class=\"p3\"><span class=\"s1\"><a href=\"https:\/\/reparatur24.berlin\/staging\/waeschetrockner-reparatur\/\">W\u00e4schetrockner<\/a><\/span><\/p>\n<p class=\"p3\"><span class=\"s1\"><a href=\"https:\/\/reparatur24.berlin\/staging\/waschtrockner-reparatur-berlin\/\">Waschtrockner<\/a><\/span><\/p>\n<p class=\"p3\"><span class=\"s1\"><a href=\"https:\/\/reparatur24.berlin\/staging\/geschirrspueler-reparatur\/\">Geschirrsp\u00fcler<\/a><\/span><\/p>\n<p class=\"p3\"><span class=\"s1\"><a href=\"https:\/\/reparatur24.berlin\/staging\/elektroherd-reparatur\/\">Elektroherde<\/a><\/span><\/p>\n<p class=\"p3\"><span class=\"s1\"><a href=\"https:\/\/reparatur24.berlin\/staging\/kaffeevollautomaten-reparatur-in-berlin\/\">Kaffeevollautomaten<\/a><\/span><\/p>\n<p class=\"p1\"><b>\u00a0<\/b><\/p>\n<p class=\"p1\"><b>Reparatur-Garantie:<\/b><\/p>\n<p class=\"p2\">Wir arbeiten gewissenhaft, kompetent und kosteng\u00fcnstig mit einer <b>Garantie von 24 Monaten<\/b>.<br \/>\nUnsere Kunden wissen das sehr zu sch\u00e4tzen.<\/p>\n<p class=\"p1\"><b>\u00a0<\/b><\/p>\n<p class=\"p1\"><b>Unsere Leistungen:<\/b><\/p>\n<ul class=\"ul1\">\n<li class=\"li2\">24 Stunden Notdienst<\/li>\n<li class=\"li2\">Reparaturen nach der Hersteller Garantiezeit<\/li>\n<li class=\"li2\">unsere Reparaturgarantie von 24 Monaten<\/li>\n<li class=\"li2\">Wartungsservice aller Art<\/li>\n<li class=\"li2\">Fachberatung f\u00fcr Qualit\u00e4tsware<\/li>\n<li class=\"li2\">Neukauf, wenn Reparatur unwirtschaftlich<\/li>\n<li class=\"li2\">Entsorgung von Altger\u00e4ten<\/li>\n<li class=\"li2\">Lieferung zu Ihnen nach Hause<\/li>\n<li class=\"li2\">Anschluss &amp; Installation<\/li>\n<li class=\"li2\">pers\u00f6nlicher Kundendienst<\/li>\n<\/ul>\n<p class=\"p1\"><b>\u00a0<\/b><\/p>\n<p class=\"p1\"><b>Zentrale Berlin &amp; Umland<\/b><\/p>\n<p class=\"p2\">Anfahrt &amp; Kostenvoranschlag 16 \u20ac<\/p>\n<p>[\/vc_column_text][thememove_button text=&#8220;JETZT ANRUFEN!&#8220; link=&#8220;url:tel%3A30%2F587407550|||&#8220;][\/vc_column][\/vc_row][vc_row css=&#8220;.vc_custom_1443177632481{margin-bottom: 70px !important;}&#8220;][vc_column width=&#8220;1\/3&#8243;][vc_row_inner css=&#8220;.vc_custom_1443496397223{margin-bottom: -10px !important;}&#8220;][vc_column_inner el_class=&#8220;hot-line&#8220;][vc_column_text]<img loading=\"lazy\" decoding=\"async\" class=\"alignnone\" src=\"https:\/\/renovation.thememove.com\/data\/images\/contact-hot-line.jpg\" alt=\"\" width=\"370\" height=\"250\" \/>[\/vc_column_text][vc_column_text]<\/p>\n<h4>24\/7 HOTLINE<\/h4>\n<h4 class=\"p1\"><strong><span class=\"s1\">030 \/ 58 74 07 55 0<\/span><\/strong><\/h4>\n<p>[\/vc_column_text][\/vc_column_inner][\/vc_row_inner][vc_column_text]Wir sind von von Montag bis Samstag in der Zeit von 7 bis 22 Uhr f\u00fcr Sie erreichbar.<br \/>\nSenden Sie Ihre Anfrage bitte mit Hilfe des unten folgenden Formulars, oder rufen Sie uns ganz unkompliziert an!<br \/>\nNat\u00fcrlich k\u00f6nnen Sie uns auch gerne in unserem Laden in der Brandenburgische Stra\u00dfe 77, in 10713 Berlin-Wilmersdorf vorbeikommen.[\/vc_column_text][vc_row_inner css=&#8220;.vc_custom_1443177442599{margin-bottom: 20px !important;}&#8220; el_class=&#8220;call-us&#8220;][vc_column_inner width=&#8220;1\/6&#8243; offset=&#8220;vc_col-xs-2&#8243;][thememove_icon icon_fontawesome=&#8220;fa fa-phone&#8220; font_size=&#8220;18&#8243; font_color=&#8220;#111111&#8243;][\/vc_column_inner][vc_column_inner width=&#8220;5\/6&#8243; offset=&#8220;vc_col-xs-10&#8243;][vc_custom_heading text=&#8220;030 \/ 58 74 07 55 0&#8243; font_container=&#8220;tag:h2|font_size:20|text_align:left|color:%23111111&#8243; link=&#8220;url:tel%3A030%20%2F%2058%2074%2007%2055%200|||&#8220;][vc_custom_heading text=&#8220;info@reparatur24.berlin&#8220; font_container=&#8220;tag:p|font_size:14|text_align:left|color:%23111111&#8243;][\/vc_column_inner][\/vc_row_inner][vc_row_inner el_class=&#8220;call-us&#8220;][vc_column_inner width=&#8220;1\/6&#8243; offset=&#8220;vc_col-xs-2&#8243;][thememove_icon icon_fontawesome=&#8220;fa fa-home&#8220; font_size=&#8220;18&#8243; font_color=&#8220;#111111&#8243;][\/vc_column_inner][vc_column_inner width=&#8220;5\/6&#8243; offset=&#8220;vc_col-xs-10&#8243;][vc_custom_heading text=&#8220;Brandenburgische Stra\u00dfe 77<br \/>\n10713 Berlin&#8220; font_container=&#8220;tag:p|font_size:14|text_align:left|color:%23111111&#8243;][\/vc_column_inner][\/vc_row_inner][\/vc_column][vc_column width=&#8220;2\/3&#8243;][contact-form-7 id=&#8220;5&#8243;][\/vc_column][\/vc_row][vc_row full_width=&#8220;stretch_row&#8220; el_class=&#8220;be-a-piece-of-us middle&#8220; css=&#8220;.vc_custom_1439191711650{margin-bottom: 0px !important;padding-top: 65px !important;padding-bottom: 68px !important;background-color: #eeeeee !important;}&#8220;][vc_column width=&#8220;1\/12&#8243; el_class=&#8220;center&#8220;][thememove_icon icon_fontawesome=&#8220;fa fa-users&#8220; font_size=&#8220;26&#8243; font_color=&#8220;#111111&#8243;][\/vc_column][vc_column width=&#8220;2\/3&#8243; el_class=&#8220;center-xs start-sm&#8220;][vc_custom_heading text=&#8220;Bewirb Dich heute und starte morgen.&#8220; font_container=&#8220;tag:h2|font_size:32|text_align:left|color:%231d2736&#8243; link=&#8220;url:http%3A%2F%2Freparatur24.berlin%2Fhaushalt%2Fjob-karriere%2F|||&#8220;][vc_column_text]Wir freuen uns, Dich in unserm Team begr\u00fc\u00dfen zu d\u00fcrfen, Werde Teil des Teams![\/vc_column_text][\/vc_column][vc_column width=&#8220;1\/4&#8243; el_class=&#8220;center&#8220;][\/vc_column][\/vc_row]<\/p>\n","protected":false},"excerpt":{"rendered":"<p>[vc_row][vc_column width=&#8220;2\/3&#8243;][vc_column_text] Bartscher Reparaturen Berlin und 20 km Umland Wir sind der richtige Ansprechpartner, wenn es um Ihr defektes Bartscher Ger\u00e4t geht. Gerne reparieren, beraten oder helfen Ihnen bei der Installation. Ein defektes Bartscher Ger\u00e4t ist besonders \u00e4rgerlich, da man kaum Zeit oder Nerven hat das defekte Ger\u00e4t auszubauen, zur Reparatur zu bringen oder ein [&hellip;]<\/p>\n","protected":false},"author":1,"featured_media":0,"parent":0,"menu_order":0,"comment_status":"closed","ping_status":"closed","template":"","meta":{"_uag_custom_page_level_css":"","site-sidebar-layout":"default","site-content-layout":"","ast-site-content-layout":"default","site-content-style":"default","site-sidebar-style":"default","ast-global-header-display":"","ast-banner-title-visibility":"","ast-main-header-display":"","ast-hfb-above-header-display":"","ast-hfb-below-header-display":"","ast-hfb-mobile-header-display":"","site-post-title":"","ast-breadcrumbs-content":"","ast-featured-img":"","footer-sml-layout":"","ast-disable-related-posts":"","theme-transparent-header-meta":"","adv-header-id-meta":"","stick-header-meta":"","header-above-stick-meta":"","header-main-stick-meta":"","header-below-stick-meta":"","astra-migrate-meta-layouts":"default","ast-page-background-enabled":"default","ast-page-background-meta":{"desktop":{"background-color":"","background-image":"","background-repeat":"repeat","background-position":"center center","background-size":"auto","background-attachment":"scroll","background-type":"","background-media":"","overlay-type":"","overlay-color":"","overlay-opacity":"","overlay-gradient":""},"tablet":{"background-color":"","background-image":"","background-repeat":"repeat","background-position":"center center","background-size":"auto","background-attachment":"scroll","background-type":"","background-media":"","overlay-type":"","overlay-color":"","overlay-opacity":"","overlay-gradient":""},"mobile":{"background-color":"","background-image":"","background-repeat":"repeat","background-position":"center center","background-size":"auto","background-attachment":"scroll","background-type":"","background-media":"","overlay-type":"","overlay-color":"","overlay-opacity":"","overlay-gradient":""}},"ast-content-background-meta":{"desktop":{"background-color":"var(--ast-global-color-5)","background-image":"","background-repeat":"repeat","background-position":"center center","background-size":"auto","background-attachment":"scroll","background-type":"","background-media":"","overlay-type":"","overlay-color":"","overlay-opacity":"","overlay-gradient":""},"tablet":{"background-color":"var(--ast-global-color-5)","background-image":"","background-repeat":"repeat","background-position":"center center","background-size":"auto","background-attachment":"scroll","background-type":"","background-media":"","overlay-type":"","overlay-color":"","overlay-opacity":"","overlay-gradient":""},"mobile":{"background-color":"var(--ast-global-color-5)","background-image":"","background-repeat":"repeat","background-position":"center center","background-size":"auto","background-attachment":"scroll","background-type":"","background-media":"","overlay-type":"","overlay-color":"","overlay-opacity":"","overlay-gradient":""}},"footnotes":""},"class_list":["post-3698","page","type-page","status-publish","hentry"],"uagb_featured_image_src":{"full":false,"thumbnail":false,"medium":false,"medium_large":false,"large":false,"1536x1536":false,"2048x2048":false},"uagb_author_info":{"display_name":"samir","author_link":"https:\/\/reparatur24.berlin\/staging\/author\/samir\/"},"uagb_comment_info":0,"uagb_excerpt":"[vc_row][vc_column width=&#8220;2\/3&#8243;][vc_column_text] Bartscher Reparaturen Berlin und 20 km Umland Wir sind der richtige Ansprechpartner, wenn es um Ihr defektes Bartscher Ger\u00e4t geht. Gerne reparieren, beraten oder helfen Ihnen bei der Installation. Ein defektes Bartscher Ger\u00e4t ist besonders \u00e4rgerlich, da man kaum Zeit oder Nerven hat das defekte Ger\u00e4t auszubauen, zur Reparatur zu bringen oder ein&hellip;","_links":{"self":[{"href":"https:\/\/reparatur24.berlin\/staging\/wp-json\/wp\/v2\/pages\/3698","targetHints":{"allow":["GET"]}}],"collection":[{"href":"https:\/\/reparatur24.berlin\/staging\/wp-json\/wp\/v2\/pages"}],"about":[{"href":"https:\/\/reparatur24.berlin\/staging\/wp-json\/wp\/v2\/types\/page"}],"author":[{"embeddable":true,"href":"https:\/\/reparatur24.berlin\/staging\/wp-json\/wp\/v2\/users\/1"}],"replies":[{"embeddable":true,"href":"https:\/\/reparatur24.berlin\/staging\/wp-json\/wp\/v2\/comments?post=3698"}],"version-history":[{"count":0,"href":"https:\/\/reparatur24.berlin\/staging\/wp-json\/wp\/v2\/pages\/3698\/revisions"}],"wp:attachment":[{"href":"https:\/\/reparatur24.berlin\/staging\/wp-json\/wp\/v2\/media?parent=3698"}],"curies":[{"name":"wp","href":"https:\/\/api.w.org\/{rel}","templated":true}]}}