{"id":3313,"date":"2018-11-13T11:42:37","date_gmt":"2018-11-13T10:42:37","guid":{"rendered":"http:\/\/reparatur24.berlin\/?page_id=3313"},"modified":"2019-12-06T14:42:21","modified_gmt":"2019-12-06T13:42:21","slug":"trockner-reparatur-2","status":"publish","type":"page","link":"https:\/\/reparatur24.berlin\/staging\/trockner-reparatur-2\/","title":{"rendered":"Trockner &#8211; Reparatur"},"content":{"rendered":"<p>[vc_row][vc_column width=&#8220;5\/6&#8243;][vc_column_text]<\/p>\n<header class=\"entry-header\">\n<h1 class=\"entry-title\">Unser Service in Berlin und 20 km Umgebung.<\/h1>\n<\/header>\n<div class=\"entry-content\">\n<p>Ihr Trockner ist defekt und Sie wollen keinen Neukauf t\u00e4tigen? Dann sind Sie hier genau richtig. Wir haben uns auf die Reparatur von Trocknern spezialisiert und bieten Ihnen einen guten Service an. Mit unserer Hilfe ist Ihr Trockner bald wieder voll funktionst\u00fcchtig.<\/p>\n<h2>Anfahrt, Diagnose &amp; Kostenvoranschlag nur 16,- Euro<\/h2>\n<p>Wir empfehlen Ihnen unseren Vor\u2013Ort\u2013Service. Schnell, kompetent &amp; g\u00fcnstig. Damit Sie und Wir genauestens wissen, was defekt ist, kommt einer unserer Techniker bei Ihnen vorbei und Inspiziert Ihr Ger\u00e4t gr\u00fcndlich, damit wir Ihnen ein Kostenvoranschlag stellen k\u00f6nnen. F\u00fcr diesen Service berechnen wir in Berlin und 20km Umgebung eine einheitliche Anfahrtspauschale von nur 16,- Euro. Rufen Sie <strong>jetzt<\/strong> an um schnellst m\u00f6glich einen Termin zu vereinbaren.<\/div>\n<p>[\/vc_column_text][thememove_button text=&#8220;Tel.: 030\/587407550&#8243; link=&#8220;url:tel%3A030%2F587407550|||&#8220;][\/vc_column][vc_column width=&#8220;1\/6&#8243;][\/vc_column][\/vc_row][vc_row][vc_column][vc_column_text]<\/p>\n<h2>Schneller Full-Service dank Ihrer Mithilfe<\/h2>\n<p>Wenn Sie bei uns anrufen bitten wir Sie die folgenden Informationen bereit zu halten. Das hilft unseren Mitarbeitern und Ihnen. Aufgrund dessen\u00a0kann eine erste Diagnose bereits am Telefon erstellen werden:<\/p>\n<ul>\n<li>Ihr\u00a0<b>Name, Anschrift<\/b>\u00a0und\u00a0<b>Kontaktdaten\u00a0<\/b>ist sehr wichtig.<\/li>\n<li>Welche\u00a0<b>Marke\u00a0<\/b>hat das<b>\u00a0Ger\u00e4t<\/b>?(zum Beispiel: Siemens, Miele, Bosch, Bauknecht, AEG, etc.)<\/li>\n<li>K\u00f6nnen Sie uns eine<a href=\"https:\/\/de.wikipedia.org\/wiki\/Typenschild#Beispiele\" target=\"_blank\" rel=\"noopener\">\u00a0<b>Fabrikationsnummer<\/b>\/<\/a><a href=\"https:\/\/shop.euras.com\/geraete\/default.php?g7=1278280N\" target=\"_blank\" rel=\"noopener\">\u00a0<b>Ger\u00e4tenummer<\/b><\/a>\u00a0nennen?<\/li>\n<li>Kurze\u00a0<b>Beschreibung<\/b>\u00a0der\u00a0<b>St\u00f6rung\u00a0<\/b>hilft sehr.<\/li>\n<li>Ihre\u00a0<b>pers\u00f6nliche<\/b>\u00a0und\u00a0<b>telefonische Erreichbarkeit\u00a0<\/b>erleichtert den\u00a0<b>R\u00fcckruf<\/b>.<\/li>\n<\/ul>\n<h1><\/h1>\n<p>&nbsp;<\/p>\n<h1><b>Technische Hotline Berlin<\/b><a href=\"tel:030 \/ 58 74 07 55 0\"><span class=\"s1\">030 \/ 58 74 07 55 0<\/span><\/a><\/h1>\n<p>&nbsp;<\/p>\n<h2>Trockner Reparatur nur nach Ablauf der Hersteller Garantiezeit<\/h2>\n<p>Unser Kundendienst ist ein freier &amp; unabh\u00e4ngiger Reparaturdienst und kein Werkskundendienst einer der hier genannten Marken. Deshalb nehmen wir Auftr\u00e4ge nur nach Ablauf der vom Hersteller \u00fcbernommenen Garantiezeit an. Dies sind bei den meisten Herstellern 2 Jahre. Erst nach dieser Zeit sind wir f\u00fcr Sie zust\u00e4ndig.<\/p>\n<h2>Vor-Ort-Reparatur und Werkstatt Service in Berlin<\/h2>\n<p>Unsere Techniker streben immer danach Ihr Ger\u00e4t direkt vor Ort zu reparieren, daf\u00fcr haben Sie immer g\u00e4ngige Ersatzteile und Spezialwerkzeuge dabei. Sollten unsere Techniker das n\u00f6tige Ersatzteil nicht dabei haben, oder es ist ein gr\u00f6sserer Zeitaufwand n\u00f6tig, so m\u00fcssen Sie Ihr Ger\u00e4t mit\u00a0in die hauseigene Werkstatt in Berlin mitnehmen um Sie dort zu reparieren. Dies macht oft Sinn, weil die Techniker dort in viel k\u00fcrzerer Zeit die gleichen Fehler beheben k\u00f6nnen. Die Abholung und Lieferung ist in unseren Angeboten stets enthalten.<\/p>\n<p>F\u00fcr unsere Anfahrt &amp; unseren Kostenvoranschlag berechnen wir eine Pauschale von 16 \u20ac.<\/p>\n<h2>16 \u20ac die es sich lohnt in Ihr Ger\u00e4t zu investieren.<\/h2>\n<p>[\/vc_column_text][\/vc_column][\/vc_row][vc_row css=&#8220;.vc_custom_1443177632481{margin-bottom: 70px !important;}&#8220;][vc_column width=&#8220;1\/3&#8243;][vc_row_inner css=&#8220;.vc_custom_1443496397223{margin-bottom: -10px !important;}&#8220;][vc_column_inner el_class=&#8220;hot-line&#8220;][vc_column_text]<img loading=\"lazy\" decoding=\"async\" class=\"alignnone\" src=\"https:\/\/renovation.thememove.com\/data\/images\/contact-hot-line.jpg\" alt=\"\" width=\"370\" height=\"250\" \/>[\/vc_column_text][vc_column_text]<\/p>\n<h4>24\/7 HOTLINE<\/h4>\n<h4 class=\"p1\"><strong><span class=\"s1\">030 \/ 58 74 07 55 0<\/span><\/strong><\/h4>\n<p>[\/vc_column_text][\/vc_column_inner][\/vc_row_inner][vc_column_text]Wir sind von von Montag bis Samstag in der Zeit von 7 bis 22 Uhr f\u00fcr Sie erreichbar.<br \/>\nSenden Sie Ihre Anfrage bitte mit Hilfe des unten folgenden Formulars, oder rufen Sie uns ganz unkompliziert an!<br \/>\nNat\u00fcrlich k\u00f6nnen Sie uns auch gerne in unserem Laden in der Brandenburgische Stra\u00dfe 77, in 10713 Berlin-Wilmersdorf vorbeikommen.[\/vc_column_text][vc_row_inner css=&#8220;.vc_custom_1443177442599{margin-bottom: 20px !important;}&#8220; el_class=&#8220;call-us&#8220;][vc_column_inner width=&#8220;1\/6&#8243; offset=&#8220;vc_col-xs-2&#8243;][thememove_icon icon_fontawesome=&#8220;fa fa-phone&#8220; font_size=&#8220;18&#8243; font_color=&#8220;#111111&#8243;][\/vc_column_inner][vc_column_inner width=&#8220;5\/6&#8243; offset=&#8220;vc_col-xs-10&#8243;][vc_custom_heading text=&#8220;030 \/ 58 74 07 55 0&#8243; font_container=&#8220;tag:h2|font_size:20|text_align:left|color:%23111111&#8243; link=&#8220;url:tel%3A030%20%2F%2058%2074%2007%2055%200|||&#8220;][vc_custom_heading text=&#8220;info@reparatur24.berlin&#8220; font_container=&#8220;tag:p|font_size:14|text_align:left|color:%23111111&#8243;][\/vc_column_inner][\/vc_row_inner][vc_row_inner el_class=&#8220;call-us&#8220;][vc_column_inner width=&#8220;1\/6&#8243; offset=&#8220;vc_col-xs-2&#8243;][thememove_icon icon_fontawesome=&#8220;fa fa-home&#8220; font_size=&#8220;18&#8243; font_color=&#8220;#111111&#8243;][\/vc_column_inner][vc_column_inner width=&#8220;5\/6&#8243; offset=&#8220;vc_col-xs-10&#8243;][vc_custom_heading text=&#8220;Brandenburgische Stra\u00dfe 77<br \/>\n10713 Berlin&#8220; font_container=&#8220;tag:p|font_size:14|text_align:left|color:%23111111&#8243;][\/vc_column_inner][\/vc_row_inner][\/vc_column][vc_column width=&#8220;2\/3&#8243;][vc_raw_html]JTNDZGl2JTIwc3R5bGUlM0QlMjJvdmVyZmxvdyUzQWhpZGRlbiUzQndpZHRoJTNBJTIwNjUwcHglM0Jwb3NpdGlvbiUzQSUyMHJlbGF0aXZlJTNCJTIyJTNFJTNDaWZyYW1lJTIwd2lkdGglM0QlMjI2NTAlMjIlMjBoZWlnaHQlM0QlMjIzNTAlMjIlMjBzcmMlM0QlMjJodHRwcyUzQSUyRiUyRm1hcHMuZ29vZ2xlLmNvbSUyRm1hcHMlM0Z3aWR0aCUzRDY1MCUyNmFtcCUzQmhlaWdodCUzRDM1MCUyNmFtcCUzQmhsJTNEZW4lMjZhbXAlM0JxJTNERUclMjUyMEdBTExBUyUyQiUyOFRpdGVsJTI5JTI2YW1wJTNCaWUlM0RVVEY4JTI2YW1wJTNCdCUzRCUyNmFtcCUzQnolM0QxMyUyNmFtcCUzQml3bG9jJTNEQiUyNmFtcCUzQm91dHB1dCUzRGVtYmVkJTIyJTIwZnJhbWVib3JkZXIlM0QlMjIwJTIyJTIwc2Nyb2xsaW5nJTNEJTIybm8lMjIlMjBtYXJnaW5oZWlnaHQlM0QlMjIwJTIyJTIwbWFyZ2lud2lkdGglM0QlMjIwJTIyJTNFJTNDJTJGaWZyYW1lJTNFJTNDZGl2JTIwc3R5bGUlM0QlMjJwb3NpdGlvbiUzQSUyMGFic29sdXRlJTNCd2lkdGglM0ElMjA4MCUyNSUzQmJvdHRvbSUzQSUyMDEwcHglM0JsZWZ0JTNBJTIwMCUzQnJpZ2h0JTNBJTIwMCUzQm1hcmdpbi1sZWZ0JTNBJTIwYXV0byUzQm1hcmdpbi1yaWdodCUzQSUyMGF1dG8lM0Jjb2xvciUzQSUyMCUyMzAwMCUzQnRleHQtYWxpZ24lM0ElMjBjZW50ZXIlM0IlMjIlM0UlM0NzbWFsbCUyMHN0eWxlJTNEJTIybGluZS1oZWlnaHQlM0ElMjAxLjglM0Jmb250LXNpemUlM0ElMjAycHglM0JiYWNrZ3JvdW5kJTNBJTIwJTIzZmZmJTNCJTIyJTNFUG93ZXJlZCUyMGJ5JTIwJTNDYSUyMGhyZWYlM0QlMjJodHRwcyUzQSUyRiUyRmVtYmVkZ29vZ2xlbWFwcy5jb20lMkZpdCUyRiUyMiUzRWVtYmVkZ29vZ2xlbWFwcyUyMElUJTNDJTJGYSUzRSUyMCUyNiUyMCUzQ2ElMjBocmVmJTNEJTIyaHR0cCUzQSUyRiUyRmxhc3ZlZ2Fzc3RhdGlzdGljcy5lbWJlZGdvb2dsZW1hcHMuY29tJTIyJTNFd3d3Lmxhc3ZlZ2Fzc3RhdGlzdGljcy5lbWJlZGdvb2dsZW1hcHMuY29tJTNDJTJGYSUzRSUzQyUyRnNtYWxsJTNFJTNDJTJGZGl2JTNFJTNDc3R5bGUlM0UlMjNnbWFwX2NhbnZhcyUyMGltZyU3Qm1heC13aWR0aCUzQW5vbmUlMjFpbXBvcnRhbnQlM0JiYWNrZ3JvdW5kJTNBbm9uZSUyMWltcG9ydGFudCU3RCUzQyUyRnN0eWxlJTNFJTNDJTJGZGl2JTNFJTNDYnIlMjAlMkYlM0U=[\/vc_raw_html][contact-form-7 id=&#8220;5&#8243;][\/vc_column][\/vc_row][vc_row full_width=&#8220;stretch_row&#8220; el_class=&#8220;be-a-piece-of-us middle&#8220; css=&#8220;.vc_custom_1439191711650{margin-bottom: 0px !important;padding-top: 65px !important;padding-bottom: 68px !important;background-color: #eeeeee !important;}&#8220;][vc_column width=&#8220;1\/12&#8243; el_class=&#8220;center&#8220;][thememove_icon icon_fontawesome=&#8220;fa fa-users&#8220; font_size=&#8220;26&#8243; font_color=&#8220;#111111&#8243;][\/vc_column][vc_column width=&#8220;2\/3&#8243; el_class=&#8220;center-xs start-sm&#8220;][vc_custom_heading text=&#8220;Bewirb Dich heute und starte morgen.&#8220; font_container=&#8220;tag:h2|font_size:32|text_align:left|color:%231d2736&#8243; link=&#8220;url:http%3A%2F%2Freparatur24.berlin%2Fhaushalt%2Fjob-karriere%2F|||&#8220;][vc_column_text]Wir freuen uns, Dich in unserm Team begr\u00fc\u00dfen zu d\u00fcrfen, Werde Teil des Teams![\/vc_column_text][\/vc_column][vc_column width=&#8220;1\/4&#8243; el_class=&#8220;center&#8220;][\/vc_column][\/vc_row]<\/p>\n","protected":false},"excerpt":{"rendered":"<p>[vc_row][vc_column width=&#8220;5\/6&#8243;][vc_column_text] Unser Service in Berlin und 20 km Umgebung. Ihr Trockner ist defekt und Sie wollen keinen Neukauf t\u00e4tigen? Dann sind Sie hier genau richtig. Wir haben uns auf die Reparatur von Trocknern spezialisiert und bieten Ihnen einen guten Service an. Mit unserer Hilfe ist Ihr Trockner bald wieder voll funktionst\u00fcchtig. Anfahrt, Diagnose &amp; [&hellip;]<\/p>\n","protected":false},"author":1,"featured_media":0,"parent":0,"menu_order":0,"comment_status":"closed","ping_status":"closed","template":"","meta":{"_uag_custom_page_level_css":"","site-sidebar-layout":"no-sidebar","site-content-layout":"plain-container","ast-site-content-layout":"default","site-content-style":"default","site-sidebar-style":"default","ast-global-header-display":"","ast-banner-title-visibility":"","ast-main-header-display":"","ast-hfb-above-header-display":"","ast-hfb-below-header-display":"","ast-hfb-mobile-header-display":"","site-post-title":"disabled","ast-breadcrumbs-content":"","ast-featured-img":"disabled","footer-sml-layout":"","ast-disable-related-posts":"","theme-transparent-header-meta":"","adv-header-id-meta":"","stick-header-meta":"","header-above-stick-meta":"","header-main-stick-meta":"","header-below-stick-meta":"","astra-migrate-meta-layouts":"default","ast-page-background-enabled":"default","ast-page-background-meta":{"desktop":{"background-color":"","background-image":"","background-repeat":"repeat","background-position":"center center","background-size":"auto","background-attachment":"scroll","background-type":"","background-media":"","overlay-type":"","overlay-color":"","overlay-opacity":"","overlay-gradient":""},"tablet":{"background-color":"","background-image":"","background-repeat":"repeat","background-position":"center center","background-size":"auto","background-attachment":"scroll","background-type":"","background-media":"","overlay-type":"","overlay-color":"","overlay-opacity":"","overlay-gradient":""},"mobile":{"background-color":"","background-image":"","background-repeat":"repeat","background-position":"center center","background-size":"auto","background-attachment":"scroll","background-type":"","background-media":"","overlay-type":"","overlay-color":"","overlay-opacity":"","overlay-gradient":""}},"ast-content-background-meta":{"desktop":{"background-color":"var(--ast-global-color-5)","background-image":"","background-repeat":"repeat","background-position":"center center","background-size":"auto","background-attachment":"scroll","background-type":"","background-media":"","overlay-type":"","overlay-color":"","overlay-opacity":"","overlay-gradient":""},"tablet":{"background-color":"var(--ast-global-color-5)","background-image":"","background-repeat":"repeat","background-position":"center center","background-size":"auto","background-attachment":"scroll","background-type":"","background-media":"","overlay-type":"","overlay-color":"","overlay-opacity":"","overlay-gradient":""},"mobile":{"background-color":"var(--ast-global-color-5)","background-image":"","background-repeat":"repeat","background-position":"center center","background-size":"auto","background-attachment":"scroll","background-type":"","background-media":"","overlay-type":"","overlay-color":"","overlay-opacity":"","overlay-gradient":""}},"footnotes":""},"class_list":["post-3313","page","type-page","status-publish","hentry"],"uagb_featured_image_src":{"full":false,"thumbnail":false,"medium":false,"medium_large":false,"large":false,"1536x1536":false,"2048x2048":false},"uagb_author_info":{"display_name":"samir","author_link":"https:\/\/reparatur24.berlin\/staging\/author\/samir\/"},"uagb_comment_info":0,"uagb_excerpt":"[vc_row][vc_column width=&#8220;5\/6&#8243;][vc_column_text] Unser Service in Berlin und 20 km Umgebung. Ihr Trockner ist defekt und Sie wollen keinen Neukauf t\u00e4tigen? Dann sind Sie hier genau richtig. Wir haben uns auf die Reparatur von Trocknern spezialisiert und bieten Ihnen einen guten Service an. Mit unserer Hilfe ist Ihr Trockner bald wieder voll funktionst\u00fcchtig. Anfahrt, Diagnose &amp;&hellip;","_links":{"self":[{"href":"https:\/\/reparatur24.berlin\/staging\/wp-json\/wp\/v2\/pages\/3313","targetHints":{"allow":["GET"]}}],"collection":[{"href":"https:\/\/reparatur24.berlin\/staging\/wp-json\/wp\/v2\/pages"}],"about":[{"href":"https:\/\/reparatur24.berlin\/staging\/wp-json\/wp\/v2\/types\/page"}],"author":[{"embeddable":true,"href":"https:\/\/reparatur24.berlin\/staging\/wp-json\/wp\/v2\/users\/1"}],"replies":[{"embeddable":true,"href":"https:\/\/reparatur24.berlin\/staging\/wp-json\/wp\/v2\/comments?post=3313"}],"version-history":[{"count":0,"href":"https:\/\/reparatur24.berlin\/staging\/wp-json\/wp\/v2\/pages\/3313\/revisions"}],"wp:attachment":[{"href":"https:\/\/reparatur24.berlin\/staging\/wp-json\/wp\/v2\/media?parent=3313"}],"curies":[{"name":"wp","href":"https:\/\/api.w.org\/{rel}","templated":true}]}}