{"id":2825,"date":"2017-11-03T10:48:50","date_gmt":"2017-11-03T09:48:50","guid":{"rendered":"http:\/\/reparatur24.berlin\/haushalt\/?page_id=2825"},"modified":"2021-11-07T14:18:59","modified_gmt":"2021-11-07T13:18:59","slug":"waschtrockner-reparatur-berlin","status":"publish","type":"page","link":"https:\/\/reparatur24.berlin\/staging\/waschtrockner-reparatur-berlin\/","title":{"rendered":"Waschtrockner Reparatur Berlin"},"content":{"rendered":"<p>[vc_row][vc_column width=&#8220;5\/6&#8243;][vc_column_text]<\/p>\n<h2 class=\"western\">Professionell, schnell und unkompliziert<\/h2>\n<p>Doppelt \u00e4rgerlich ist es, wenn der Waschtrockner nicht mehr funktioniert. Immerhin ist die Waschmaschine und der W\u00e4schetrockner bei dieser Variante in einem vereint. Oft stellt sich dann die Frage ob das alte Ger\u00e4t repariert werden soll oder ein neues angeschafft werden muss. Eine Reparatur ist jedoch billiger als eine Neuanschaffung und ist Umweltschonender obendrein. Rufen Sie uns an um mehr zu erfahren.<\/p>\n<p><strong>Der Trockner trocknet nicht richtig und die W\u00e4sche bleibt nass, was tun?<\/strong><\/p>\n<p>Die Ursachen daf\u00fcr k\u00f6nnten ein verstopftes Flusensieb, Kondensator oder der Wasserablauf sein. Sollte eines dieser Dinge nicht richtig funktionieren oder defekt sein, kann es dazu kommen, dass der Trockner nicht mehr richtig trocknet.[\/vc_column_text][\/vc_column][\/vc_row][vc_row][vc_column width=&#8220;2\/3&#8243;][vc_column_text]<\/p>\n<h2 class=\"western\">Anfahrt, Diagnose &amp; Kostenangebot nur 16,- Euro<\/h2>\n<p>Bitte halten sie die folgenden Daten bereit, um ein schnelles und gr\u00fcndliches Gespr\u00e4ch abschlie\u00dfen zu k\u00f6nnen:<\/p>\n<ul>\n<li>Um welches Marke (Siemens, Miele, Bosch, Bauknecht, AEG, etc.) handelt es sich?<\/li>\n<li>K\u00f6nnen Sie uns eine Fabrikationsnummer\/ Ger\u00e4tenummer nennen?<\/li>\n<li>Kurze Beschreibung der St\u00f6rung des Ger\u00e4tes.<\/li>\n<li>Ihr Name, Anschrift und weitere Kontaktdaten.<\/li>\n<li>Ihre R\u00fcckrufnummer oder sonstige Erreichbarkeit.<\/li>\n<\/ul>\n<p>Neben den Kosten einer Neuanschaffung fallen auch erhebliche Kosten und Zeitaufwand f\u00fcr die Installation einer neuen Waschmaschine an. Die Entsorgung verursacht ebenso einen Aufwand, da sie unter die Verordnung f\u00fcr den Umgang mit Elektroschrott f\u00e4llt und umweltgerecht entsorgt werden muss.<\/p>\n<p>Um Ihnen den genauen Fehler und einen Kostenvoranschlag nennen zu k\u00f6nnen, empfehlen wir Ihnen den Vor\u2013Ort\u2013Service. Ein Techniker kommtzu Ihnen, analysiert das Ger\u00e4t, stellt ein Angebot aus und ber\u00e4t Sie zur Wirtschaftlichkeit einer Reparatur. F\u00fcr diesen Service berechnen wir in Berlin und 20 km Umgebung eine einheitliche Anfahrtspauschale von nur 16,- Euro. Rufen Sie uns an und wir finden einen passenden Termin.<\/p>\n<p><strong>Der Wasserbeh\u00e4lter blinkt, was hei\u00dft das?<\/strong><\/p>\n<p>Das h\u00e4ufigste Problem ist ein verstopfter Flusensupmf oder eine defekte Kondensatpumpe. Es k\u00f6nnte auch sein, dass Sie den Beh\u00e4lter entleeren<\/p>\n<p>m\u00fcssen.<\/p>\n<h2 class=\"western\">W\u00e4schetrockner Kundendienst nur nach Ablauf der Hersteller Garantiezeit<\/h2>\n<p>Unser Kundendienst ist ein freier unabh\u00e4ngiger Reparaturdienst. Also Kein Werkskundendienst. Dementsprechend nehmen wir Auftr\u00e4ge nur nach Ablauf der Garantiezeit an. Dies sind bei vielen Herstellern 2 Jahre. Folglich sind wir erst danach f\u00fcr Sie zust\u00e4ndig.<\/p>\n<p>Wir arbeiten mit eigenen Mitarbeitern und Servicepartnern. Diese wurden von unterschiedlichen Herstellern autorisiert. Zum Beispiel: AEG, Neff, Privileg, Bauknecht, Samsung, Bosch, Miele, Beko, Candy und Zanussi. Die Mitarbeiter unseres Kundendienstes werden regelm\u00e4\u00dfig geschult. Ebenso werden Pr\u00fcfungen abgelegt. Dadurch ergibt sich eine hohe Servicequalit\u00e4t und eine professionelle Reparatur Ihres Ger\u00e4ts. Unsere Dienstleistungen erbringen wir in Berlin und 20 km Umgebung.<\/p>\n<p><strong>Der Trockner reagiert nicht, was tun?<\/strong><\/p>\n<p><strong><em>Es gibt viele Ursachen, weshalb der Trockner nicht reagiert:<\/em><\/strong><\/p>\n<p>&#8211; Die Stromversorgung ist fehlerhaft<\/p>\n<p>&#8211; Die T\u00fcrsicherung ist besch\u00e4digt<\/p>\n<p>&#8211; Die Kondensatpumpe ist besch\u00e4digt<\/p>\n<p>&#8211; Die Steuerplatine ist defekt<\/p>\n<p>&#8211; Das Programmschaltwerk ist besch\u00e4digt<\/p>\n<h2 class=\"western\">Ablauf des Vor-Ort-Service<\/h2>\n<p>Wir haben Pauschalpreise, wodurch sich keine versteckte Kosten ergeben. Zum Reparaturservice geh\u00f6rt die Reparatur, Anfahrt und Arbeitszeit und ben\u00f6tigte Ersatzteile. Bei Hardwarefehlern wird das defekte Teil ausgetauscht. Ersatzteile die wir nicht auf Lager haben, werden f\u00fcr Sie innerhalb von 24 Stunden beschafft.<\/p>\n<p><strong>Der Trockner macht Ger\u00e4usche, was tun?<\/strong><\/p>\n<p><strong><em>Wenn der Trockner ungew\u00f6hnlich laut wird und Schleif- oder Klopfger\u00e4usche macht, kommen f\u00fcr die St\u00f6rung folgende Ursachen in Betracht:<br \/>\n<\/em><\/strong>&#8211; Das hintere Trommellager klemmt<\/p>\n<p>&#8211; Der Riemen, die Spannrolle oder die Trommelachse ist besch\u00e4digt<\/p>\n<p>&#8211; Die Flitzdichtung ist verschmutzt<\/p>\n<p>&#8211; Die Ablaufpumpe oder der Motor ist besch\u00e4digt<\/p>\n<p>&#8211; Die Turbine ist zu laut<\/p>\n<p>&#8211; Der Gebl\u00e4semotor ist defekt<\/p>\n<h2 class=\"western\">W\u00e4schetrockner Ersatzteile<\/h2>\n<p>Sobald ein Ersatzteil nicht vorr\u00e4tig ist bestellen wir es. Als Hauptabnehmer bekommen wir g\u00fcnstigere Preise, die wir an Sie<\/p>\n<figure id=\"attachment_2746\" aria-describedby=\"caption-attachment-2746\" style=\"width: 212px\" class=\"wp-caption alignright\"><img loading=\"lazy\" decoding=\"async\" class=\" wp-image-2746\" src=\"https:\/\/reparatur24.berlin\/staging\/wp-content\/uploads\/2017\/11\/Trockner_offen-1024x682-1024x682.jpg\" alt=\"W\u00e4schetrockner offen\" width=\"212\" height=\"141\" srcset=\"https:\/\/reparatur24.berlin\/staging\/wp-content\/uploads\/2017\/11\/Trockner_offen-1024x682.jpg 1024w, https:\/\/reparatur24.berlin\/staging\/wp-content\/uploads\/2017\/11\/Trockner_offen-1024x682-300x200.jpg 300w, https:\/\/reparatur24.berlin\/staging\/wp-content\/uploads\/2017\/11\/Trockner_offen-1024x682-768x512.jpg 768w, https:\/\/reparatur24.berlin\/staging\/wp-content\/uploads\/2017\/11\/Trockner_offen-1024x682-600x400.jpg 600w, https:\/\/reparatur24.berlin\/staging\/wp-content\/uploads\/2017\/11\/Trockner_offen-1024x682-60x40.jpg 60w\" sizes=\"auto, (max-width: 212px) 100vw, 212px\" \/><figcaption id=\"caption-attachment-2746\" class=\"wp-caption-text\">W\u00e4schetrockner offen<\/figcaption><\/figure>\n<p>weitergeben. Wir kontaktieren Sie sobald das ben\u00f6tigte Ersatzteil nachgeliefert wurde. Dadurch ist eine Lieferung jederzeit m\u00f6glich<b>. <\/b>Melden Sie sich bei uns.<\/p>\n<p>Hier k\u00f6nnen Sie uns kontaktieren![\/vc_column_text][thememove_button text=&#8220;Kontakt Aufnahme&#8220; link=&#8220;url:https%3A%2F%2Freparatur24.berlin%2Fstaging%2Fkontakt%2F|title:KONTAKT||&#8220;][vc_gmaps link=&#8220;#E-8_JTNDaWZyYW1lJTIwc3JjJTNEJTIyaHR0cHMlM0ElMkYlMkZ3d3cuZ29vZ2xlLmNvbSUyRm1hcHMlMkZlbWJlZCUzRnBiJTNEJTIxMW0xOCUyMTFtMTIlMjExbTMlMjExZDM4ODcyLjMxNTUyNDk2MjM5NiUyMTJkMTMuMjgyNzkzMDc2ODY4ODcyJTIxM2Q1Mi40ODc4MzExNzk4MDgxNSUyMTJtMyUyMTFmMCUyMTJmMCUyMTNmMCUyMTNtMiUyMTFpMTAyNCUyMTJpNzY4JTIxNGYxMy4xJTIxM20zJTIxMW0yJTIxMXMweDQ3YTg1MTEzNGI4YzMwMjklMjUzQTB4YjU4YTA5Zjc4NTI2ZDcwYiUyMTJzVGVjaG5pa0NlbnRlcjI0JTI1MjBVRyUyMTVlMCUyMTNtMiUyMTFzZGUlMjEyc2RlJTIxNHYxNjM2Mjg4Mzc0OTM3JTIxNW0yJTIxMXNkZSUyMTJzZGUlMjIlMjB3aWR0aCUzRCUyMjYwMCUyMiUyMGhlaWdodCUzRCUyMjQ1MCUyMiUyMHN0eWxlJTNEJTIyYm9yZGVyJTNBMCUzQiUyMiUyMGFsbG93ZnVsbHNjcmVlbiUzRCUyMiUyMiUyMGxvYWRpbmclM0QlMjJsYXp5JTIyJTNFJTNDJTJGaWZyYW1lJTNF&#8220;][\/vc_column][vc_column width=&#8220;1\/3&#8243;][vc_column_text]<\/p>\n<p class=\"p1\"><b>Sie finden uns hier:<\/b><\/p>\n<p class=\"p2\"><b>Kundendienst in Berlin &amp; Umland<\/b><br \/>\nBrandenburgische Stra\u00dfe 77<br \/>\n10713 Berlin<br \/>\nTelefon: <strong><span class=\"s1\">030 \/ 58 74 07 55 0<\/span><\/strong><\/p>\n<p class=\"p2\"><b>Unsere \u00d6ffnungszeiten:<\/b><br \/>\nMo \u2013 Fr: 07:00 \u2013 20:00 Uhr<br \/>\nSa: 10:00 \u2013 14:00 Uhr<\/p>\n<p class=\"p3\"><span class=\"s1\"><a href=\"https:\/\/reparatur24.berlin\/staging\/impressum\/\">Impressum<\/a><\/span><\/p>\n<p class=\"p1\"><b>\u00a0<\/b><\/p>\n<p class=\"p1\"><b>Wir reparieren:<\/b><\/p>\n<p class=\"p3\"><span class=\"s1\"><a href=\"https:\/\/reparatur24.berlin\/staging\/waschmaschinen-reparatur\/\">Waschmaschinen<\/a><\/span><\/p>\n<p class=\"p3\"><span class=\"s1\"><a href=\"https:\/\/reparatur24.berlin\/staging\/waeschetrockner-reparatur\/\">W\u00e4schetrockner<\/a><\/span><\/p>\n<p class=\"p3\"><span class=\"s1\"><a href=\"https:\/\/reparatur24.berlin\/staging\/waschtrockner-reparatur-berlin\/\">Waschtrockner<\/a><\/span><\/p>\n<p class=\"p3\"><span class=\"s1\"><a href=\"https:\/\/reparatur24.berlin\/staging\/geschirrspueler-reparatur\/\">Geschirrsp\u00fcler<\/a><\/span><\/p>\n<p class=\"p3\"><span class=\"s1\"><a href=\"https:\/\/reparatur24.berlin\/staging\/elektroherd-reparatur\/\">Elektroherde<\/a><\/span><\/p>\n<p class=\"p3\"><span class=\"s1\"><a href=\"https:\/\/reparatur24.berlin\/staging\/kaffeevollautomaten-reparatur-in-berlin\/\">Kaffeevollautomaten<\/a><\/span><\/p>\n<p class=\"p1\"><b>\u00a0<\/b><\/p>\n<p class=\"p1\"><b>Reparatur-Garantie:<\/b><\/p>\n<p class=\"p2\">Wir arbeiten gewissenhaft, kompetent und kosteng\u00fcnstig mit einer <b>Garantie von 24 Monaten<\/b>.<br \/>\nUnsere Kunden wissen das sehr zu sch\u00e4tzen.<\/p>\n<p class=\"p1\"><b>\u00a0<\/b><\/p>\n<p class=\"p1\"><b>Unsere Leistungen:<\/b><\/p>\n<ul class=\"ul1\">\n<li class=\"li2\">24 Stunden Notdienst<\/li>\n<li class=\"li2\">Reparaturen nach der Hersteller Garantiezeit<\/li>\n<li class=\"li2\">unsere Reparaturgarantie von 24 Monaten<\/li>\n<li class=\"li2\">Wartungsservice aller Art<\/li>\n<li class=\"li2\">Fachberatung f\u00fcr Qualit\u00e4tsware<\/li>\n<li class=\"li2\">Neukauf, wenn Reparatur unwirtschaftlich<\/li>\n<li class=\"li2\">Entsorgung von Altger\u00e4ten<\/li>\n<li class=\"li2\">Lieferung zu Ihnen nach Hause<\/li>\n<li class=\"li2\">Anschluss &amp; Installation<\/li>\n<li class=\"li2\">pers\u00f6nlicher Kundendienst<\/li>\n<\/ul>\n<p class=\"p1\"><b>\u00a0<\/b><\/p>\n<p class=\"p1\"><b>Zentrale Berlin &amp; Umland<\/b><\/p>\n<p class=\"p2\">Anfahrt &amp; Kostenvoranschlag 16 \u20ac<\/p>\n<p>[\/vc_column_text][thememove_button text=&#8220;Tel.:030 \/ 58 74 07 55 0&#8243; link=&#8220;url:tel%3A030%20%2F%2058%2074%2007%2055%200|||&#8220;][\/vc_column][\/vc_row]<\/p>\n","protected":false},"excerpt":{"rendered":"<p>[vc_row][vc_column width=&#8220;5\/6&#8243;][vc_column_text] Professionell, schnell und unkompliziert Doppelt \u00e4rgerlich ist es, wenn der Waschtrockner nicht mehr funktioniert. Immerhin ist die Waschmaschine und der W\u00e4schetrockner bei dieser Variante in einem vereint. Oft stellt sich dann die Frage ob das alte Ger\u00e4t repariert werden soll oder ein neues angeschafft werden muss. Eine Reparatur ist jedoch billiger als eine [&hellip;]<\/p>\n","protected":false},"author":1,"featured_media":0,"parent":0,"menu_order":0,"comment_status":"closed","ping_status":"closed","template":"","meta":{"_uag_custom_page_level_css":"","site-sidebar-layout":"no-sidebar","site-content-layout":"plain-container","ast-site-content-layout":"default","site-content-style":"default","site-sidebar-style":"default","ast-global-header-display":"","ast-banner-title-visibility":"","ast-main-header-display":"","ast-hfb-above-header-display":"","ast-hfb-below-header-display":"","ast-hfb-mobile-header-display":"","site-post-title":"disabled","ast-breadcrumbs-content":"","ast-featured-img":"disabled","footer-sml-layout":"","ast-disable-related-posts":"","theme-transparent-header-meta":"","adv-header-id-meta":"","stick-header-meta":"","header-above-stick-meta":"","header-main-stick-meta":"","header-below-stick-meta":"","astra-migrate-meta-layouts":"default","ast-page-background-enabled":"default","ast-page-background-meta":{"desktop":{"background-color":"","background-image":"","background-repeat":"repeat","background-position":"center center","background-size":"auto","background-attachment":"scroll","background-type":"","background-media":"","overlay-type":"","overlay-color":"","overlay-opacity":"","overlay-gradient":""},"tablet":{"background-color":"","background-image":"","background-repeat":"repeat","background-position":"center center","background-size":"auto","background-attachment":"scroll","background-type":"","background-media":"","overlay-type":"","overlay-color":"","overlay-opacity":"","overlay-gradient":""},"mobile":{"background-color":"","background-image":"","background-repeat":"repeat","background-position":"center center","background-size":"auto","background-attachment":"scroll","background-type":"","background-media":"","overlay-type":"","overlay-color":"","overlay-opacity":"","overlay-gradient":""}},"ast-content-background-meta":{"desktop":{"background-color":"var(--ast-global-color-5)","background-image":"","background-repeat":"repeat","background-position":"center center","background-size":"auto","background-attachment":"scroll","background-type":"","background-media":"","overlay-type":"","overlay-color":"","overlay-opacity":"","overlay-gradient":""},"tablet":{"background-color":"var(--ast-global-color-5)","background-image":"","background-repeat":"repeat","background-position":"center center","background-size":"auto","background-attachment":"scroll","background-type":"","background-media":"","overlay-type":"","overlay-color":"","overlay-opacity":"","overlay-gradient":""},"mobile":{"background-color":"var(--ast-global-color-5)","background-image":"","background-repeat":"repeat","background-position":"center center","background-size":"auto","background-attachment":"scroll","background-type":"","background-media":"","overlay-type":"","overlay-color":"","overlay-opacity":"","overlay-gradient":""}},"footnotes":""},"class_list":["post-2825","page","type-page","status-publish","hentry"],"uagb_featured_image_src":{"full":false,"thumbnail":false,"medium":false,"medium_large":false,"large":false,"1536x1536":false,"2048x2048":false},"uagb_author_info":{"display_name":"samir","author_link":"https:\/\/reparatur24.berlin\/staging\/author\/samir\/"},"uagb_comment_info":0,"uagb_excerpt":"[vc_row][vc_column width=&#8220;5\/6&#8243;][vc_column_text] Professionell, schnell und unkompliziert Doppelt \u00e4rgerlich ist es, wenn der Waschtrockner nicht mehr funktioniert. Immerhin ist die Waschmaschine und der W\u00e4schetrockner bei dieser Variante in einem vereint. Oft stellt sich dann die Frage ob das alte Ger\u00e4t repariert werden soll oder ein neues angeschafft werden muss. Eine Reparatur ist jedoch billiger als eine&hellip;","_links":{"self":[{"href":"https:\/\/reparatur24.berlin\/staging\/wp-json\/wp\/v2\/pages\/2825","targetHints":{"allow":["GET"]}}],"collection":[{"href":"https:\/\/reparatur24.berlin\/staging\/wp-json\/wp\/v2\/pages"}],"about":[{"href":"https:\/\/reparatur24.berlin\/staging\/wp-json\/wp\/v2\/types\/page"}],"author":[{"embeddable":true,"href":"https:\/\/reparatur24.berlin\/staging\/wp-json\/wp\/v2\/users\/1"}],"replies":[{"embeddable":true,"href":"https:\/\/reparatur24.berlin\/staging\/wp-json\/wp\/v2\/comments?post=2825"}],"version-history":[{"count":0,"href":"https:\/\/reparatur24.berlin\/staging\/wp-json\/wp\/v2\/pages\/2825\/revisions"}],"wp:attachment":[{"href":"https:\/\/reparatur24.berlin\/staging\/wp-json\/wp\/v2\/media?parent=2825"}],"curies":[{"name":"wp","href":"https:\/\/api.w.org\/{rel}","templated":true}]}}