{"id":1726,"date":"2015-09-25T10:13:04","date_gmt":"2015-09-25T10:13:04","guid":{"rendered":"https:\/\/renovation.thememove.com\/?page_id=1726"},"modified":"2026-04-18T10:56:55","modified_gmt":"2026-04-18T09:56:55","slug":"kontakt","status":"publish","type":"page","link":"https:\/\/reparatur24.berlin\/staging\/kontakt\/","title":{"rendered":"KONTAKT"},"content":{"rendered":"<p>[vc_row][vc_column width=&#8220;2\/3&#8243;][vc_column_text]<\/p>\n<h2>So erreichen Sie Ihren Kundendienst f\u00fcr Reparaturen in Berlin<\/h2>\n<p>&nbsp;<\/p>\n<p><span style=\"font-weight: 400\">Die EG Gallas Company UG erreichen Sie \u00fcber die Hotline von Montag bis Samstag zwischen 7 und 22 Uhr. F\u00fcr Anfragen aller Art k\u00f6nnen Sie aber auch das Kontaktformular nutzen und bequem eine Nachricht hinterlassen. Dazu geben Sie einfach Name, E-Mail-Adresse und optional Ihre Telefonnummer an und die Verantwortlichen werden sich z\u00fcgig bei Ihnen melden.<\/span><\/p>\n<p><span style=\"font-weight: 400\">Ob bei Ihrem Geschirrsp\u00fcler eine Reparatur in Berlin und Umgebung f\u00e4llig ist oder der Elektroherd mit St\u00f6rung l\u00e4uft, der Kundendienst wird Ihre Anfrage schnell beantworten. Auch f\u00fcr Kaffeevollautomaten kann eine Reparatur in Berlin \u00fcbernommen werden.<\/span>[\/vc_column_text][\/vc_column][vc_column width=&#8220;1\/3&#8243;][vc_column_text]<img loading=\"lazy\" decoding=\"async\" class=\"aligncenter wp-image-7921\" src=\"https:\/\/reparatur24.berlin\/staging\/wp-content\/uploads\/2020\/10\/Kontakt-Reparaturservice-berlin-300x200.jpg\" alt=\"\" width=\"345\" height=\"230\" srcset=\"https:\/\/reparatur24.berlin\/staging\/wp-content\/uploads\/2020\/10\/Kontakt-Reparaturservice-berlin-300x200.jpg 300w, https:\/\/reparatur24.berlin\/staging\/wp-content\/uploads\/2020\/10\/Kontakt-Reparaturservice-berlin-1024x683.jpg 1024w, https:\/\/reparatur24.berlin\/staging\/wp-content\/uploads\/2020\/10\/Kontakt-Reparaturservice-berlin-768x512.jpg 768w, https:\/\/reparatur24.berlin\/staging\/wp-content\/uploads\/2020\/10\/Kontakt-Reparaturservice-berlin-1536x1024.jpg 1536w, https:\/\/reparatur24.berlin\/staging\/wp-content\/uploads\/2020\/10\/Kontakt-Reparaturservice-berlin-600x400.jpg 600w, https:\/\/reparatur24.berlin\/staging\/wp-content\/uploads\/2020\/10\/Kontakt-Reparaturservice-berlin-60x40.jpg 60w, https:\/\/reparatur24.berlin\/staging\/wp-content\/uploads\/2020\/10\/Kontakt-Reparaturservice-berlin.jpg 1920w\" sizes=\"auto, (max-width: 345px) 100vw, 345px\" \/>[\/vc_column_text][\/vc_column][\/vc_row][vc_row][vc_column][vc_gmaps link=&#8220;#E-8_JTNDaWZyYW1lJTIwc3JjJTNEJTIyaHR0cHMlM0ElMkYlMkZ3d3cuZ29vZ2xlLmNvbSUyRm1hcHMlMkZlbWJlZCUzRnBiJTNEJTIxMW0xOCUyMTFtMTIlMjExbTMlMjExZDI0MjkuNTE5NzIwMzE1NjI0JTIxMmQxMy4zMTU2MTc5NTIwNDk1ODclMjEzZDUyLjQ4NzgzMTE3OTcwOTA0JTIxMm0zJTIxMWYwJTIxMmYwJTIxM2YwJTIxM20yJTIxMWkxMDI0JTIxMmk3NjglMjE0ZjEzLjElMjEzbTMlMjExbTIlMjExczB4NDdhODUxMTM0YjhjMzAyOSUyNTNBMHhiNThhMDlmNzg1MjZkNzBiJTIxMnNUZWNobmlrQ2VudGVyMjQlMjUyMFVHJTIxNWUwJTIxM20yJTIxMXNkZSUyMTJzZGUlMjE0djE2NDIxMDQ3MDM3NzYlMjE1bTIlMjExc2RlJTIxMnNkZSUyMiUyMHdpZHRoJTNEJTIyNjAwJTIyJTIwaGVpZ2h0JTNEJTIyNDUwJTIyJTIwc3R5bGUlM0QlMjJib3JkZXIlM0EwJTNCJTIyJTIwYWxsb3dmdWxsc2NyZWVuJTNEJTIyJTIyJTIwbG9hZGluZyUzRCUyMmxhenklMjIlM0UlM0MlMkZpZnJhbWUlM0U=&#8220; title=&#8220;TechnikCenter 24 Waschmaschinen, Geschirrsp\u00fcler Reparatur&#8220;][vc_separator color=&#8220;custom&#8220; accent_color=&#8220;#efdf00&#8243;][\/vc_column][\/vc_row][vc_row css=&#8220;.vc_custom_1443177632481{margin-bottom: 70px !important;}&#8220;][vc_column width=&#8220;1\/3&#8243;][vc_row_inner css=&#8220;.vc_custom_1443496397223{margin-bottom: -10px !important;}&#8220;][vc_column_inner el_class=&#8220;hot-line&#8220;][vc_column_text]<img loading=\"lazy\" decoding=\"async\" class=\"alignnone\" src=\"https:\/\/renovation.thememove.com\/data\/images\/contact-hot-line.jpg\" alt=\"\" width=\"370\" height=\"250\" \/>[\/vc_column_text][vc_column_text]<\/p>\n<h4>24\/7 HOTLINE<\/h4>\n<h4 class=\"p1\"><strong><span class=\"s1\">030 \/ 58 74 07 55 0<\/span><\/strong><\/h4>\n<p>[\/vc_column_text][\/vc_column_inner][\/vc_row_inner][vc_column_text]Wir sind von von Montag bis Samstag in der Zeit von 7 bis 22 Uhr f\u00fcr Sie erreichbar.<br \/>\nSenden Sie Ihre Anfrage bitte mit Hilfe des unten folgenden Formulars, oder rufen Sie uns ganz unkompliziert an!<br \/>\nNat\u00fcrlich k\u00f6nnen Sie uns auch gerne in unserem Laden in der Brandenburgische Stra\u00dfe 77, in 10713 Berlin-Wilmersdorf vorbeikommen.[\/vc_column_text][vc_row_inner css=&#8220;.vc_custom_1443177442599{margin-bottom: 20px !important;}&#8220; el_class=&#8220;call-us&#8220;][vc_column_inner width=&#8220;1\/6&#8243; offset=&#8220;vc_col-xs-2&#8243;][thememove_icon icon_fontawesome=&#8220;fa fa-phone&#8220; font_size=&#8220;18&#8243; font_color=&#8220;#111111&#8243;][\/vc_column_inner][vc_column_inner width=&#8220;5\/6&#8243; offset=&#8220;vc_col-xs-10&#8243;][vc_custom_heading text=&#8220;030 \/ 58 74 07 55 0&#8243; font_container=&#8220;tag:h2|font_size:20|text_align:left|color:%23111111&#8243; link=&#8220;url:tel%3A030%20%2F%2058%2074%2007%2055%200|||&#8220;][vc_custom_heading text=&#8220;info@reparatur24.berlin&#8220; font_container=&#8220;tag:p|font_size:14|text_align:left|color:%23111111&#8243;][\/vc_column_inner][\/vc_row_inner][vc_row_inner el_class=&#8220;call-us&#8220;][vc_column_inner width=&#8220;1\/6&#8243; offset=&#8220;vc_col-xs-2&#8243;][thememove_icon icon_fontawesome=&#8220;fa fa-home&#8220; font_size=&#8220;18&#8243; font_color=&#8220;#111111&#8243;][\/vc_column_inner][vc_column_inner width=&#8220;5\/6&#8243; offset=&#8220;vc_col-xs-10&#8243;][vc_custom_heading text=&#8220;Brandenburgische Stra\u00dfe 77<br \/>\n10713 Berlin&#8220; font_container=&#8220;tag:p|font_size:14|text_align:left|color:%23111111&#8243;][\/vc_column_inner][\/vc_row_inner][\/vc_column][vc_column width=&#8220;2\/3&#8243;][contact-form-7 id=&#8220;5&#8243;][\/vc_column][\/vc_row][vc_row full_width=&#8220;stretch_row&#8220; el_class=&#8220;be-a-piece-of-us middle&#8220; css=&#8220;.vc_custom_1439191711650{margin-bottom: 0px !important;padding-top: 65px !important;padding-bottom: 68px !important;background-color: #eeeeee !important;}&#8220;][vc_column width=&#8220;1\/12&#8243; el_class=&#8220;center&#8220;][thememove_icon icon_fontawesome=&#8220;fa fa-users&#8220; font_size=&#8220;26&#8243; font_color=&#8220;#111111&#8243;][\/vc_column][vc_column width=&#8220;2\/3&#8243; el_class=&#8220;center-xs start-sm&#8220;][vc_custom_heading text=&#8220;Bewirb Dich heute und starte morgen.&#8220; font_container=&#8220;tag:h2|font_size:32|text_align:left|color:%231d2736&#8243; link=&#8220;url:http%3A%2F%2Freparatur24.berlin%2Fhaushalt%2Fjob-karriere%2F|||&#8220;][vc_column_text]Wir freuen uns, Dich in unserm Team begr\u00fc\u00dfen zu d\u00fcrfen, Werde Teil des Teams![\/vc_column_text][\/vc_column][vc_column width=&#8220;1\/4&#8243; el_class=&#8220;center&#8220;][\/vc_column][\/vc_row][vc_row][vc_column][\/vc_column][\/vc_row][vc_row][vc_column][\/vc_column][\/vc_row]<\/p>\n","protected":false},"excerpt":{"rendered":"<p>[vc_row][vc_column width=&#8220;2\/3&#8243;][vc_column_text] So erreichen Sie Ihren Kundendienst f\u00fcr Reparaturen in Berlin &nbsp; Die EG Gallas Company UG erreichen Sie \u00fcber die Hotline von Montag bis Samstag zwischen 7 und 22 Uhr. F\u00fcr Anfragen aller Art k\u00f6nnen Sie aber auch das Kontaktformular nutzen und bequem eine Nachricht hinterlassen. Dazu geben Sie einfach Name, E-Mail-Adresse und optional [&hellip;]<\/p>\n","protected":false},"author":1,"featured_media":0,"parent":0,"menu_order":0,"comment_status":"open","ping_status":"closed","template":"","meta":{"_uag_custom_page_level_css":"","site-sidebar-layout":"no-sidebar","site-content-layout":"plain-container","ast-site-content-layout":"default","site-content-style":"default","site-sidebar-style":"default","ast-global-header-display":"","ast-banner-title-visibility":"","ast-main-header-display":"","ast-hfb-above-header-display":"","ast-hfb-below-header-display":"","ast-hfb-mobile-header-display":"","site-post-title":"disabled","ast-breadcrumbs-content":"","ast-featured-img":"disabled","footer-sml-layout":"","ast-disable-related-posts":"","theme-transparent-header-meta":"","adv-header-id-meta":"","stick-header-meta":"","header-above-stick-meta":"","header-main-stick-meta":"","header-below-stick-meta":"","astra-migrate-meta-layouts":"default","ast-page-background-enabled":"default","ast-page-background-meta":{"desktop":{"background-color":"","background-image":"","background-repeat":"repeat","background-position":"center center","background-size":"auto","background-attachment":"scroll","background-type":"","background-media":"","overlay-type":"","overlay-color":"","overlay-opacity":"","overlay-gradient":""},"tablet":{"background-color":"","background-image":"","background-repeat":"repeat","background-position":"center center","background-size":"auto","background-attachment":"scroll","background-type":"","background-media":"","overlay-type":"","overlay-color":"","overlay-opacity":"","overlay-gradient":""},"mobile":{"background-color":"","background-image":"","background-repeat":"repeat","background-position":"center center","background-size":"auto","background-attachment":"scroll","background-type":"","background-media":"","overlay-type":"","overlay-color":"","overlay-opacity":"","overlay-gradient":""}},"ast-content-background-meta":{"desktop":{"background-color":"var(--ast-global-color-5)","background-image":"","background-repeat":"repeat","background-position":"center center","background-size":"auto","background-attachment":"scroll","background-type":"","background-media":"","overlay-type":"","overlay-color":"","overlay-opacity":"","overlay-gradient":""},"tablet":{"background-color":"var(--ast-global-color-5)","background-image":"","background-repeat":"repeat","background-position":"center center","background-size":"auto","background-attachment":"scroll","background-type":"","background-media":"","overlay-type":"","overlay-color":"","overlay-opacity":"","overlay-gradient":""},"mobile":{"background-color":"var(--ast-global-color-5)","background-image":"","background-repeat":"repeat","background-position":"center center","background-size":"auto","background-attachment":"scroll","background-type":"","background-media":"","overlay-type":"","overlay-color":"","overlay-opacity":"","overlay-gradient":""}},"footnotes":""},"class_list":["post-1726","page","type-page","status-publish","hentry"],"uagb_featured_image_src":{"full":false,"thumbnail":false,"medium":false,"medium_large":false,"large":false,"1536x1536":false,"2048x2048":false},"uagb_author_info":{"display_name":"samir","author_link":"https:\/\/reparatur24.berlin\/staging\/author\/samir\/"},"uagb_comment_info":0,"uagb_excerpt":"[vc_row][vc_column width=&#8220;2\/3&#8243;][vc_column_text] So erreichen Sie Ihren Kundendienst f\u00fcr Reparaturen in Berlin &nbsp; Die EG Gallas Company UG erreichen Sie \u00fcber die Hotline von Montag bis Samstag zwischen 7 und 22 Uhr. F\u00fcr Anfragen aller Art k\u00f6nnen Sie aber auch das Kontaktformular nutzen und bequem eine Nachricht hinterlassen. Dazu geben Sie einfach Name, E-Mail-Adresse und optional&hellip;","_links":{"self":[{"href":"https:\/\/reparatur24.berlin\/staging\/wp-json\/wp\/v2\/pages\/1726","targetHints":{"allow":["GET"]}}],"collection":[{"href":"https:\/\/reparatur24.berlin\/staging\/wp-json\/wp\/v2\/pages"}],"about":[{"href":"https:\/\/reparatur24.berlin\/staging\/wp-json\/wp\/v2\/types\/page"}],"author":[{"embeddable":true,"href":"https:\/\/reparatur24.berlin\/staging\/wp-json\/wp\/v2\/users\/1"}],"replies":[{"embeddable":true,"href":"https:\/\/reparatur24.berlin\/staging\/wp-json\/wp\/v2\/comments?post=1726"}],"version-history":[{"count":1,"href":"https:\/\/reparatur24.berlin\/staging\/wp-json\/wp\/v2\/pages\/1726\/revisions"}],"predecessor-version":[{"id":10230,"href":"https:\/\/reparatur24.berlin\/staging\/wp-json\/wp\/v2\/pages\/1726\/revisions\/10230"}],"wp:attachment":[{"href":"https:\/\/reparatur24.berlin\/staging\/wp-json\/wp\/v2\/media?parent=1726"}],"curies":[{"name":"wp","href":"https:\/\/api.w.org\/{rel}","templated":true}]}}